{"id":33,"date":"2013-12-02T14:28:42","date_gmt":"2013-12-02T13:28:42","guid":{"rendered":"http:\/\/amaqy.fr\/Yole\/?page_id=33"},"modified":"2016-11-15T16:14:50","modified_gmt":"2016-11-15T15:14:50","slug":"enfance","status":"publish","type":"page","link":"https:\/\/amaqy.fr\/jeanyole\/accueil\/enfance\/","title":{"rendered":"Enfance"},"content":{"rendered":"<div class=\"wpb-content-wrapper\"><p>[vc_row][vc_column][vc_empty_space][\/vc_column][\/vc_row][vc_row][vc_column][vc_btn title=\u00a0\u00bbPlanning, inscription, tarif voir MQ Pyramides\u00a0\u00bb color=\u00a0\u00bborange\u00a0\u00bb size=\u00a0\u00bblg\u00a0\u00bb align=\u00a0\u00bbcenter\u00a0\u00bb css_animation=\u00a0\u00bbappear\u00a0\u00bb link=\u00a0\u00bburl:http%3A%2F%2Famaqy.fr%2FPyramides%2Faccueil%2Fenfance%2F||target:%20_blank|\u00a0\u00bb][vc_column_text]Le projet du secteur enfance repose sur\u00a0:<\/p>\n<p>&#8211;\u00a0\u00a0\u00a0\u00a0\u00a0\u00a0\u00a0\u00a0\u00a0 <b>La gestion d\u2019un Accueil de Loisirs<\/b>, en partenariat avec la Maison de Quartier des Pyramides, pour les enfants de 3 \u00e0 12ans, ouverts les mercredis et les p\u00e9riodes de vacances scolaires<\/p>\n<p>&#8211;\u00a0\u00a0\u00a0\u00a0\u00a0\u00a0\u00a0\u00a0\u00a0 <b>La mise en place d\u2019animations parents-enfants<\/b>, sur diff\u00e9rentes p\u00e9riodes de l\u2019ann\u00e9e, autour d\u2019ateliers de fabrication, d\u2019espaces de jeux, de lecture\u2026<\/p>\n<p>&#8211;\u00a0\u00a0\u00a0\u00a0\u00a0\u00a0\u00a0\u00a0\u00a0 <b>La d\u00e9couverte de spectacle jeune public pour les 3\/10<\/b>, en partenariat avec le groupe scolaire, la Ville de la Roche\/Yon.<\/p>\n<p>&#8211;\u00a0\u00a0\u00a0\u00a0\u00a0\u00a0\u00a0\u00a0\u00a0 <b>Le soutien \u00e0 la scolarit\u00e9<\/b>, par la mise en place de l\u2019accompagnement \u00e0 la scolarit\u00e9, en partenariat avec la ville de la Roche\/Yon.<\/p>\n<p>Ces ateliers, organis\u00e9s les mardis et jeudis, \u00e0 partir de 16h30, permettent \u00e0 des enfants rencontrant des difficult\u00e9s dans la gestion, la compr\u00e9hension, et la r\u00e9alisation de leurs devoirs de b\u00e9n\u00e9ficier d\u2019une aide individualis\u00e9e.<\/p>\n<p>Cet accompagnement est port\u00e9 par une \u00e9quipe de b\u00e9n\u00e9voles et professionnels de la Maison de Quartier<\/p>\n<p>Ces projets veulent r\u00e9pondre aux objectifs initiaux de la Maison de Quartier\u00a0; d\u00e9couvrir,<\/p>\n<p>partager, rencontrer\u2026<\/p>\n<p><a href=\"http:\/\/amaqy.fr\/Yole\/wp-content\/uploads\/sites\/7\/2013\/12\/jeanYole-Enfance2.jpg\">\u00a0<\/a>[\/vc_column_text][\/vc_column][\/vc_row][vc_row][vc_column][vc_single_image image=\u00a0\u00bb63&Prime; img_size=\u00a0\u00bblarge\u00a0\u00bb alignment=\u00a0\u00bbcenter\u00a0\u00bb][\/vc_column][\/vc_row]<\/p>\n<\/div>","protected":false},"excerpt":{"rendered":"<p>[vc_row][vc_column][vc_empty_space][\/vc_column][\/vc_row][vc_row][vc_column][vc_btn title=\u00a0\u00bbPlanning, inscription, tarif voir MQ Pyramides\u00a0\u00bb color=\u00a0\u00bborange\u00a0\u00bb size=\u00a0\u00bblg\u00a0\u00bb align=\u00a0\u00bbcenter\u00a0\u00bb css_animation=\u00a0\u00bbappear\u00a0\u00bb link=\u00a0\u00bburl:http%3A%2F%2Famaqy.fr%2FPyramides%2Faccueil%2Fenfance%2F||target:%20_blank|\u00a0\u00bb][vc_column_text]Le projet du secteur enfance repose sur\u00a0: &#8211;\u00a0\u00a0\u00a0\u00a0\u00a0\u00a0\u00a0\u00a0\u00a0 La<\/p>\n","protected":false},"author":1,"featured_media":0,"parent":7,"menu_order":3,"comment_status":"closed","ping_status":"closed","template":"","meta":{"colormag_page_container_layout":"default_layout","colormag_page_sidebar_layout":"default_layout","footnotes":""},"class_list":["post-33","page","type-page","status-publish","hentry"],"_links":{"self":[{"href":"https:\/\/amaqy.fr\/jeanyole\/wp-json\/wp\/v2\/pages\/33","targetHints":{"allow":["GET"]}}],"collection":[{"href":"https:\/\/amaqy.fr\/jeanyole\/wp-json\/wp\/v2\/pages"}],"about":[{"href":"https:\/\/amaqy.fr\/jeanyole\/wp-json\/wp\/v2\/types\/page"}],"author":[{"embeddable":true,"href":"https:\/\/amaqy.fr\/jeanyole\/wp-json\/wp\/v2\/users\/1"}],"replies":[{"embeddable":true,"href":"https:\/\/amaqy.fr\/jeanyole\/wp-json\/wp\/v2\/comments?post=33"}],"version-history":[{"count":11,"href":"https:\/\/amaqy.fr\/jeanyole\/wp-json\/wp\/v2\/pages\/33\/revisions"}],"predecessor-version":[{"id":1116,"href":"https:\/\/amaqy.fr\/jeanyole\/wp-json\/wp\/v2\/pages\/33\/revisions\/1116"}],"up":[{"embeddable":true,"href":"https:\/\/amaqy.fr\/jeanyole\/wp-json\/wp\/v2\/pages\/7"}],"wp:attachment":[{"href":"https:\/\/amaqy.fr\/jeanyole\/wp-json\/wp\/v2\/media?parent=33"}],"curies":[{"name":"wp","href":"https:\/\/api.w.org\/{rel}","templated":true}]}}