{"id":11,"date":"2013-12-02T14:21:19","date_gmt":"2013-12-02T13:21:19","guid":{"rendered":"http:\/\/amaqy.fr\/Yole\/?page_id=11"},"modified":"2023-01-16T15:31:02","modified_gmt":"2023-01-16T14:31:02","slug":"notre-projet","status":"publish","type":"page","link":"https:\/\/amaqy.fr\/jeanyole\/accueil\/notre-projet\/","title":{"rendered":"Notre projet"},"content":{"rendered":"<div class=\"wpb-content-wrapper\"><p>[vc_row 0=\u00a0\u00bb\u00a0\u00bb][vc_column width=\u00a0\u00bb1\/2&Prime;][vc_column_text 0=\u00a0\u00bb\u00a0\u00bb]La Maison de Quartier Jean Yole d\u00e9veloppe un projet alliant\u00a0:<\/p>\n<p>&#8211;\u00a0\u00a0\u00a0\u00a0\u00a0\u00a0\u00a0\u00a0\u00a0 <b><i><span style=\"color: #ff0000\">Interventions de proximit\u00e9<\/span>:\u00a0<\/i><\/b> sortie avec le triporteur, animations familles\u00a0 (\u2026\u00a0 pour aller \u00e0 la rencontre des habitants.<\/p>\n<p>&#8211;\u00a0\u00a0\u00a0\u00a0\u00a0\u00a0\u00a0\u00a0\u00a0 <span style=\"color: #ff0000\"><b><i><span style=\"color: #ff0000\">Interventions culturelles:<\/span> <\/i><\/b><\/span>\u00a0 festival de rue M\u00e9li Mel Arts (sept), programmation de spectacles dans la salle culturelle, projets de partenariats avec le service culturel de la Ville, la Sc\u00e8ne Nationale le grand R\u2026<\/p>\n<p>&#8211;\u00a0\u00a0\u00a0\u00a0\u00a0\u00a0\u00a0\u00a0\u00a0 <b><i><span style=\"color: #ff0000\">Ateliers participatifs:<\/span>\u00a0<\/i><\/b> ateliers hebdomadaires autour de diff\u00e9rentes th\u00e9matiques (Repair Caf\u00e9, Atelier Palette, Atelier Coutures Jardin Partag\u00e9).<\/p>\n<p>&#8211;\u00a0\u00a0\u00a0\u00a0\u00a0\u00a0\u00a0\u00a0\u00a0<span style=\"color: #ff0000\"> <b><i><span style=\"color: #ff0000\">Actions de d\u00e9couvertes<\/span>:<\/i><\/b> <\/span>soir\u00e9es cin\u00e9-d\u00e9bat, sorties, ateliers artistiques parents-enfants\u2026<\/p>\n<p>L\u2019ensemble de ces interventions a pour objectif d\u2019\u00eatre au plus pr\u00e8s des besoins des habitants, tout en favorisant les relations de voisinage, v\u00e9ritable pilier du lien social dans un quartier.<\/p>\n<p>De la m\u00eame fa\u00e7on, le projet de la Maison de Quartier s\u2019appuie sur une volont\u00e9 forte d\u2019ouvrir le quartier \u00e0 de nouvelles coop\u00e9rations, de nouveaux partenariats\u2026pour inscrire cet \u00e9quipement comme un\u00a0 v\u00e9ritable lieu d\u2019effervescence, de rencontres, et d\u2019enrichissement individuel et collectif.<\/p>\n<p>&nbsp;<\/p>\n<p><a href=\"http:\/\/amaqy.fr\/Yole\/wp-content\/uploads\/sites\/7\/2013\/12\/jeanYoleProjet.jpg\"><img loading=\"lazy\" decoding=\"async\" class=\"wp-image-59 aligncenter\" src=\"http:\/\/amaqy.fr\/Yole\/wp-content\/uploads\/sites\/7\/2013\/12\/jeanYoleProjet-300x225.jpg\" alt=\"jeanYoleProjet\" width=\"425\" height=\"319\" srcset=\"https:\/\/amaqy.fr\/jeanyole\/wp-content\/uploads\/sites\/7\/2013\/12\/jeanYoleProjet-300x225.jpg 300w, https:\/\/amaqy.fr\/jeanyole\/wp-content\/uploads\/sites\/7\/2013\/12\/jeanYoleProjet.jpg 768w\" sizes=\"auto, (max-width: 425px) 100vw, 425px\" \/><\/a>[\/vc_column_text][\/vc_column][vc_column width=\u00a0\u00bb1\/2&Prime;][vc_custom_heading text=\u00a0\u00bbProjet AMAQY\u00a0\u00bb font_container=\u00a0\u00bbtag:h2|text_align:center|color:%238224e3&Prime; google_fonts=\u00a0\u00bbfont_family:Alegreya%3Aregular%2Citalic%2C700%2C700italic%2C900%2C900italic|font_style:400%20regular%3A400%3Anormal\u00a0\u00bb link=\u00a0\u00bburl:http%3A%2F%2Famaqy.fr%2Fnotre-projet%2F|||\u00a0\u00bb][\/vc_column][\/vc_row]<\/p>\n<\/div>","protected":false},"excerpt":{"rendered":"<p>[vc_row 0=\u00a0\u00bb\u00a0\u00bb][vc_column width=\u00a0\u00bb1\/2&Prime;][vc_column_text 0=\u00a0\u00bb\u00a0\u00bb]La Maison de Quartier Jean Yole d\u00e9veloppe un projet alliant\u00a0: &#8211;\u00a0\u00a0\u00a0\u00a0\u00a0\u00a0\u00a0\u00a0\u00a0 Interventions de proximit\u00e9:\u00a0 sortie avec le<\/p>\n","protected":false},"author":1,"featured_media":0,"parent":7,"menu_order":2,"comment_status":"closed","ping_status":"closed","template":"","meta":{"colormag_page_container_layout":"default_layout","colormag_page_sidebar_layout":"default_layout","footnotes":""},"class_list":["post-11","page","type-page","status-publish","hentry"],"_links":{"self":[{"href":"https:\/\/amaqy.fr\/jeanyole\/wp-json\/wp\/v2\/pages\/11","targetHints":{"allow":["GET"]}}],"collection":[{"href":"https:\/\/amaqy.fr\/jeanyole\/wp-json\/wp\/v2\/pages"}],"about":[{"href":"https:\/\/amaqy.fr\/jeanyole\/wp-json\/wp\/v2\/types\/page"}],"author":[{"embeddable":true,"href":"https:\/\/amaqy.fr\/jeanyole\/wp-json\/wp\/v2\/users\/1"}],"replies":[{"embeddable":true,"href":"https:\/\/amaqy.fr\/jeanyole\/wp-json\/wp\/v2\/comments?post=11"}],"version-history":[{"count":5,"href":"https:\/\/amaqy.fr\/jeanyole\/wp-json\/wp\/v2\/pages\/11\/revisions"}],"predecessor-version":[{"id":5408,"href":"https:\/\/amaqy.fr\/jeanyole\/wp-json\/wp\/v2\/pages\/11\/revisions\/5408"}],"up":[{"embeddable":true,"href":"https:\/\/amaqy.fr\/jeanyole\/wp-json\/wp\/v2\/pages\/7"}],"wp:attachment":[{"href":"https:\/\/amaqy.fr\/jeanyole\/wp-json\/wp\/v2\/media?parent=11"}],"curies":[{"name":"wp","href":"https:\/\/api.w.org\/{rel}","templated":true}]}}