{"id":1069,"date":"2024-07-10T16:37:26","date_gmt":"2024-07-10T15:37:26","guid":{"rendered":"http:\/\/amaqy.fr\/Valleeverte\/?page_id=1069"},"modified":"2025-03-12T17:27:55","modified_gmt":"2025-03-12T16:27:55","slug":"accompagnement-scolaire-jeunesse","status":"publish","type":"page","link":"https:\/\/amaqy.fr\/Valleeverte\/accueil\/jeunesse\/accompagnement-scolaire-jeunesse\/","title":{"rendered":"Accompagnement scolaire jeunesse"},"content":{"rendered":"<div class=\"wpb-content-wrapper\"><p>[vc_row][vc_column][vc_column_text]<\/p>\n<h5><span style=\"color: #008000\">Vous habitez le secteur de la Vall\u00e9e Verte ? L&rsquo;accompagnement \u00e0 la scolarit\u00e9 pour les coll\u00e9giens est ouvert \u00e0 vos jeunes !<\/span><\/h5>\n<p><span style=\"color: #000000\"><span style=\"color: #339966\">C&rsquo;est quand ?<\/span> Tous les mardis et jeudis de 17h30 \u00e0 18h30<\/span><\/p>\n<p><span style=\"color: #339966\">Notre fonctionnement ?<\/span><\/p>\n<p><span style=\"color: #000000\">L&rsquo;activit\u00e9 est gratuite. L&rsquo;\u00e9quipe encadrante (b\u00e9n\u00e9voles et professionnels) accompagne le m\u00eame jeune toute l&rsquo;ann\u00e9e.<\/span><\/p>\n<p><span style=\"color: #000000\">Des rencontres sont pr\u00e9vus avec les familles r\u00e9guli\u00e8rement.<\/span><\/p>\n<p><span style=\"color: #000000\"><span style=\"color: #339966\">Tout au long des s\u00e9ances, les jeunes travaillent sur\u00a0 :<\/span> <\/span><\/p>\n<ul>\n<li><span style=\"color: #000000\">L&rsquo;aide m\u00e9thodologique <\/span><\/li>\n<li><span style=\"color: #000000\">L&rsquo;aide au travail scolaire<\/span><\/li>\n<li><span style=\"color: #000000\">L&rsquo;aide dans certaines discipline<\/span><\/li>\n<li><span style=\"color: #000000\">L&rsquo;initiation aux outils informatiques<\/span><\/li>\n<\/ul>\n<p>[\/vc_column_text][\/vc_column][\/vc_row][vc_row][vc_column][vc_custom_heading text=\u00a0\u00bbRenseignements : Maison de Quartier de la Vall\u00e9e Verte au 02.51.37.63.78 OU 06.02.06.73.88&Prime; font_container=\u00a0\u00bbtag:h2|font_size:25|text_align:center|color:%2348b51c\u00a0\u00bb google_fonts=\u00a0\u00bbfont_family:ABeeZee%3Aregular%2Citalic|font_style:400%20regular%3A400%3Anormal\u00a0\u00bb][vc_custom_heading text=\u00a0\u00bbClub jeune de la Maison de Quartier de la Vall\u00e9e Verte, 10 avenue Pablo Picasso, 85000 La Roche sur Yon\u00a0\u00bb font_container=\u00a0\u00bbtag:h2|font_size:25|text_align:center|color:%2348b51c\u00a0\u00bb google_fonts=\u00a0\u00bbfont_family:ABeeZee%3Aregular%2Citalic|font_style:400%20regular%3A400%3Anormal\u00a0\u00bb][vc_single_image image=\u00a0\u00bb3935&Prime; img_size=\u00a0\u00bbmedium\u00a0\u00bb alignment=\u00a0\u00bbcenter\u00a0\u00bb][\/vc_column][\/vc_row]<\/p>\n<\/div>","protected":false},"excerpt":{"rendered":"<p>[vc_row][vc_column][vc_column_text] Vous habitez le secteur de la Vall\u00e9e Verte ? L&rsquo;accompagnement \u00e0 la scolarit\u00e9 pour les coll\u00e9giens est ouvert \u00e0<\/p>\n","protected":false},"author":14,"featured_media":0,"parent":11,"menu_order":2,"comment_status":"closed","ping_status":"closed","template":"","meta":{"colormag_page_container_layout":"default_layout","colormag_page_sidebar_layout":"default_layout","footnotes":""},"class_list":["post-1069","page","type-page","status-publish","hentry"],"_links":{"self":[{"href":"https:\/\/amaqy.fr\/Valleeverte\/wp-json\/wp\/v2\/pages\/1069","targetHints":{"allow":["GET"]}}],"collection":[{"href":"https:\/\/amaqy.fr\/Valleeverte\/wp-json\/wp\/v2\/pages"}],"about":[{"href":"https:\/\/amaqy.fr\/Valleeverte\/wp-json\/wp\/v2\/types\/page"}],"author":[{"embeddable":true,"href":"https:\/\/amaqy.fr\/Valleeverte\/wp-json\/wp\/v2\/users\/14"}],"replies":[{"embeddable":true,"href":"https:\/\/amaqy.fr\/Valleeverte\/wp-json\/wp\/v2\/comments?post=1069"}],"version-history":[{"count":5,"href":"https:\/\/amaqy.fr\/Valleeverte\/wp-json\/wp\/v2\/pages\/1069\/revisions"}],"predecessor-version":[{"id":3936,"href":"https:\/\/amaqy.fr\/Valleeverte\/wp-json\/wp\/v2\/pages\/1069\/revisions\/3936"}],"up":[{"embeddable":true,"href":"https:\/\/amaqy.fr\/Valleeverte\/wp-json\/wp\/v2\/pages\/11"}],"wp:attachment":[{"href":"https:\/\/amaqy.fr\/Valleeverte\/wp-json\/wp\/v2\/media?parent=1069"}],"curies":[{"name":"wp","href":"https:\/\/api.w.org\/{rel}","templated":true}]}}