{"id":469,"date":"2015-10-30T11:36:27","date_gmt":"2015-10-30T10:36:27","guid":{"rendered":"http:\/\/amaqy.fr\/Pyramides\/?page_id=469"},"modified":"2020-03-11T11:23:13","modified_gmt":"2020-03-11T10:23:13","slug":"accompagnement-a-la-scolarite","status":"publish","type":"page","link":"https:\/\/amaqy.fr\/Pyramides\/accueil\/enfance\/accompagnement-a-la-scolarite\/","title":{"rendered":"Accompagnement \u00e0 la scolarit\u00e9"},"content":{"rendered":"<div class=\"wpb-content-wrapper\"><p>[vc_row][vc_column][vc_column_text]<\/p>\n<p style=\"text-align: justify\">Vos enfants sont scolaris\u00e9s \u00e0 l&rsquo;\u00e9cole des Pyramides, Rivoli ou Jean Yole?<\/p>\n<p style=\"text-align: justify\">Cet accompagnement guide l&rsquo;enfant dans ses recherches et sa r\u00e9flexion. L&rsquo;accompagnateur n&rsquo;aide pas l&rsquo;enfant \u00e0 faire ses devoirs mais il lui donne les moyens de les faire lui-m\u00eame et \u00e0 devenir autonome.<\/p>\n<p style=\"text-align: justify\">Des activit\u00e9s p\u00e9dagogiques sont propos\u00e9es comme l&rsquo;informatique, les jeux de soci\u00e9t\u00e9s.<\/p>\n<p style=\"text-align: justify\">L&rsquo;accompagnement \u00e0 la scolarit\u00e9 est mis en place avec un animateur professionnel et une \u00e9quipe de b\u00e9n\u00e9voles.<\/p>\n<p style=\"text-align: justify\">Fonctionnement:<\/p>\n<ul>\n<li style=\"text-align: justify\">Groupe scolaire de Rivoli, les mardis et jeudis de 16h30 \u00e0 18h au groupe scolaire Rivoli<\/li>\n<li style=\"text-align: justify\">Groupe scolaire des Pyramides, les mardis et jeudis de 16h30 \u00e0 18h \u00e0 la Maison de Quartier des Pyramides<\/li>\n<li>\u00a0Groupe scolaire Jean Yole, les mardis et jeudis soir de 16h30 \u00e0 18h \u00e0 la Maison de Quartier Jean Yole<\/li>\n<\/ul>\n<p>Pour les \u00e9coles Rivoli et Pyramides, veuillez contacter la Maison de Quartier des Pyramides au 02 51 37 56 54.<\/p>\n<p>Pour l&rsquo;\u00e9cole Jean Yole, veuillez contacter la Maison de Quartier Jean Yole au 02 51 05 08 13.[\/vc_column_text][\/vc_column][\/vc_row]<\/p>\n<\/div>","protected":false},"excerpt":{"rendered":"<p>[vc_row][vc_column][vc_column_text] Vos enfants sont scolaris\u00e9s \u00e0 l&rsquo;\u00e9cole des Pyramides, Rivoli ou Jean Yole? Cet accompagnement guide l&rsquo;enfant dans ses recherches<\/p>\n","protected":false},"author":15,"featured_media":0,"parent":38,"menu_order":0,"comment_status":"closed","ping_status":"closed","template":"","meta":{"colormag_page_container_layout":"default_layout","colormag_page_sidebar_layout":"default_layout","footnotes":""},"class_list":["post-469","page","type-page","status-publish","hentry"],"_links":{"self":[{"href":"https:\/\/amaqy.fr\/Pyramides\/wp-json\/wp\/v2\/pages\/469","targetHints":{"allow":["GET"]}}],"collection":[{"href":"https:\/\/amaqy.fr\/Pyramides\/wp-json\/wp\/v2\/pages"}],"about":[{"href":"https:\/\/amaqy.fr\/Pyramides\/wp-json\/wp\/v2\/types\/page"}],"author":[{"embeddable":true,"href":"https:\/\/amaqy.fr\/Pyramides\/wp-json\/wp\/v2\/users\/15"}],"replies":[{"embeddable":true,"href":"https:\/\/amaqy.fr\/Pyramides\/wp-json\/wp\/v2\/comments?post=469"}],"version-history":[{"count":3,"href":"https:\/\/amaqy.fr\/Pyramides\/wp-json\/wp\/v2\/pages\/469\/revisions"}],"predecessor-version":[{"id":1650,"href":"https:\/\/amaqy.fr\/Pyramides\/wp-json\/wp\/v2\/pages\/469\/revisions\/1650"}],"up":[{"embeddable":true,"href":"https:\/\/amaqy.fr\/Pyramides\/wp-json\/wp\/v2\/pages\/38"}],"wp:attachment":[{"href":"https:\/\/amaqy.fr\/Pyramides\/wp-json\/wp\/v2\/media?parent=469"}],"curies":[{"name":"wp","href":"https:\/\/api.w.org\/{rel}","templated":true}]}}