{"id":2816,"date":"2023-08-24T15:08:39","date_gmt":"2023-08-24T14:08:39","guid":{"rendered":"http:\/\/amaqy.fr\/Pyramides\/?page_id=2816"},"modified":"2023-08-24T15:18:19","modified_gmt":"2023-08-24T14:18:19","slug":"vendeenne-essor","status":"publish","type":"page","link":"https:\/\/amaqy.fr\/Pyramides\/vendeenne-essor\/","title":{"rendered":"Vend\u00e9enne Essor"},"content":{"rendered":"<div class=\"wpb-content-wrapper\"><p>[vc_row][vc_column width=\u00a0\u00bb2\/3&Prime;][vc_column_text]L&rsquo;association de GYM DETENTE LA VENDEENNE ESSOR, pr\u00e9sid\u00e9e par M. Bernard GALLET, adh\u00e9rente \u00e0 l&rsquo;AMAQY, a pour objectif la PREVENTION SANTE<\/p>\n<p>Depuis de nombreuses ann\u00e9es des s\u00e9ances ont lieu \u00e0 la Maison de Quartier des PYRAMIDES. Assouplir les articulations, renforcer le dos et les abdominaux, favoriser le mouvement, tels sont les objectifs que l&rsquo;association propose pendant la p\u00e9riode scolaire<\/p>\n<p>Aux PYRAMIDES Les cours de la saison 2023-2024 d\u00e9buteront le vendredi 8 septembre et seront anim\u00e9s, comme l&rsquo;ann\u00e9e pass\u00e9e, par ALEXANDRA:<\/p>\n<p>9H30-10H30 GYM DOUCE<br \/>\n10H30-11H30 YOGA DEBUTANT<br \/>\n11H30-12H30 PILATES<\/p>\n<p>D&rsquo;autres cours, \u00e0 d&rsquo;autres horaires, ont aussi lieu, \u00e0 partir du lundi 4 septembre \u00e0 la Maison de Quartier du Val d&rsquo;Ornay ainsi que dans des salles des complexes sportifs : Omnisports, Arts martiaux et Angelmi\u00e8re<\/p>\n<p>Documents : <a href=\"http:\/\/www.vendeenne-essor.fr\/\">www.vendeenne-essor.fr<\/a><br \/>\nRenseignements: 06 04 04 43 77<br \/>\n<a href=\"mailto:vendeenne.essor@gmail.com\">vendeenne.essor@gmail.com<\/a>[\/vc_column_text][\/vc_column][vc_column width=\u00a0\u00bb1\/3&Prime;][vc_single_image image=\u00a0\u00bb2819&Prime;][\/vc_column][\/vc_row]<\/p>\n<\/div>","protected":false},"excerpt":{"rendered":"<p>[vc_row][vc_column width=\u00a0\u00bb2\/3&Prime;][vc_column_text]L&rsquo;association de GYM DETENTE LA VENDEENNE ESSOR, pr\u00e9sid\u00e9e par M. Bernard GALLET, adh\u00e9rente \u00e0 l&rsquo;AMAQY, a pour objectif la<\/p>\n","protected":false},"author":15,"featured_media":0,"parent":0,"menu_order":0,"comment_status":"closed","ping_status":"closed","template":"","meta":{"colormag_page_container_layout":"default_layout","colormag_page_sidebar_layout":"default_layout","footnotes":""},"class_list":["post-2816","page","type-page","status-publish","hentry"],"_links":{"self":[{"href":"https:\/\/amaqy.fr\/Pyramides\/wp-json\/wp\/v2\/pages\/2816","targetHints":{"allow":["GET"]}}],"collection":[{"href":"https:\/\/amaqy.fr\/Pyramides\/wp-json\/wp\/v2\/pages"}],"about":[{"href":"https:\/\/amaqy.fr\/Pyramides\/wp-json\/wp\/v2\/types\/page"}],"author":[{"embeddable":true,"href":"https:\/\/amaqy.fr\/Pyramides\/wp-json\/wp\/v2\/users\/15"}],"replies":[{"embeddable":true,"href":"https:\/\/amaqy.fr\/Pyramides\/wp-json\/wp\/v2\/comments?post=2816"}],"version-history":[{"count":2,"href":"https:\/\/amaqy.fr\/Pyramides\/wp-json\/wp\/v2\/pages\/2816\/revisions"}],"predecessor-version":[{"id":2821,"href":"https:\/\/amaqy.fr\/Pyramides\/wp-json\/wp\/v2\/pages\/2816\/revisions\/2821"}],"wp:attachment":[{"href":"https:\/\/amaqy.fr\/Pyramides\/wp-json\/wp\/v2\/media?parent=2816"}],"curies":[{"name":"wp","href":"https:\/\/api.w.org\/{rel}","templated":true}]}}