{"id":2431,"date":"2022-08-22T13:50:37","date_gmt":"2022-08-22T12:50:37","guid":{"rendered":"http:\/\/amaqy.fr\/Pyramides\/?page_id=2431"},"modified":"2023-11-15T11:13:09","modified_gmt":"2023-11-15T10:13:09","slug":"ainsi-danse","status":"publish","type":"page","link":"https:\/\/amaqy.fr\/Pyramides\/ainsi-danse\/","title":{"rendered":"Ainsidanse"},"content":{"rendered":"<div class=\"wpb-content-wrapper\"><p>[vc_row 0=\u00a0\u00bb\u00a0\u00bb][vc_column width=\u00a0\u00bb2\/3&Prime;][vc_column_text]<em>Nouvelle saison 2023-2024<br \/>\n<\/em><strong>Amies danseuses, amis danseurs, une nouvelle saison de danse chez Ainsidanse se pr\u00e9pare et pour la reprise du chemin des salles pour nos cours de Rock et de Swing\u00a0 , voici les informations de la prochaine rentr\u00e9e :<br \/>\n<\/strong><\/p>\n<p><strong>La\u00a0 reprise du Rock et du Swing avec\u00a0St\u00e9phane\u00a0sera le\u00a0lundi 19 septembre<br \/>\n<\/strong><\/p>\n<p><strong>La\u00a0 reprise des Claquettes\u00a0 avec\u00a0Odile\u00a0sera le\u00a0<\/strong><strong>mardi 19 septembre \u00e0 la Maison de Quartier des Pyramides<\/strong><strong><br \/>\n<\/strong><\/p>\n<p><strong>Pour le reste, le bureau d&rsquo; Ainsidanse reste vigilant et \u00e0 l&rsquo;\u00e9coute des \u00e9ventuelles \u00e9volutions du contexte sanitaire et des consignes qui s&rsquo;appliquent \u00e0 notre pratique de la danse.<br \/>\n<\/strong><\/p>\n<p><strong>A tr\u00e8s vite !<br \/>\n<\/strong><\/p>\n<p><strong>Toute l&rsquo;\u00e9quipe Ainsidanse<\/strong>[\/vc_column_text][\/vc_column][vc_column width=\u00a0\u00bb1\/3&Prime;][vc_single_image image=\u00a0\u00bb2533&Prime; img_size=\u00a0\u00bbmedium\u00a0\u00bb][\/vc_column][\/vc_row]<\/p>\n<\/div>","protected":false},"excerpt":{"rendered":"<p>[vc_row 0=\u00a0\u00bb\u00a0\u00bb][vc_column width=\u00a0\u00bb2\/3&Prime;][vc_column_text]Nouvelle saison 2023-2024 Amies danseuses, amis danseurs, une nouvelle saison de danse chez Ainsidanse se pr\u00e9pare et pour<\/p>\n","protected":false},"author":15,"featured_media":0,"parent":0,"menu_order":0,"comment_status":"closed","ping_status":"closed","template":"","meta":{"colormag_page_container_layout":"default_layout","colormag_page_sidebar_layout":"default_layout","footnotes":""},"class_list":["post-2431","page","type-page","status-publish","hentry"],"_links":{"self":[{"href":"https:\/\/amaqy.fr\/Pyramides\/wp-json\/wp\/v2\/pages\/2431","targetHints":{"allow":["GET"]}}],"collection":[{"href":"https:\/\/amaqy.fr\/Pyramides\/wp-json\/wp\/v2\/pages"}],"about":[{"href":"https:\/\/amaqy.fr\/Pyramides\/wp-json\/wp\/v2\/types\/page"}],"author":[{"embeddable":true,"href":"https:\/\/amaqy.fr\/Pyramides\/wp-json\/wp\/v2\/users\/15"}],"replies":[{"embeddable":true,"href":"https:\/\/amaqy.fr\/Pyramides\/wp-json\/wp\/v2\/comments?post=2431"}],"version-history":[{"count":5,"href":"https:\/\/amaqy.fr\/Pyramides\/wp-json\/wp\/v2\/pages\/2431\/revisions"}],"predecessor-version":[{"id":2896,"href":"https:\/\/amaqy.fr\/Pyramides\/wp-json\/wp\/v2\/pages\/2431\/revisions\/2896"}],"wp:attachment":[{"href":"https:\/\/amaqy.fr\/Pyramides\/wp-json\/wp\/v2\/media?parent=2431"}],"curies":[{"name":"wp","href":"https:\/\/api.w.org\/{rel}","templated":true}]}}