{"id":2151,"date":"2021-11-15T14:28:15","date_gmt":"2021-11-15T13:28:15","guid":{"rendered":"http:\/\/amaqy.fr\/Pyramides\/?page_id=2151"},"modified":"2023-08-24T15:18:40","modified_gmt":"2023-08-24T14:18:40","slug":"spoart","status":"publish","type":"page","link":"https:\/\/amaqy.fr\/Pyramides\/spoart\/","title":{"rendered":"S&rsquo;POART"},"content":{"rendered":"<div class=\"wpb-content-wrapper\"><p>[vc_row][vc_column width=\u00a0\u00bb2\/3&Prime;][vc_column_text]<\/p>\n<h5><strong>Ecole de Danse Cie S&rsquo;Poart<\/strong><\/h5>\n<p>Cours de breakdanse\u00a0\u00e0 partir de 6 ans jusqu&rsquo;\u00e0 l&rsquo;\u00e2ge adulte !<br \/>\n<em>112 rue du G\u00e9n\u00e9ral Gu\u00e9rin<br \/>\n<\/em><em>85000 La Roche sur Yon<\/em><\/p>\n<p><em>07.71.57.82.42<\/em><\/p>\n<p><a href=\"https:\/\/spoart.fr\/\">www.spoart.fr<\/a>[\/vc_column_text][\/vc_column][vc_column width=\u00a0\u00bb1\/3&Prime;][vc_single_image image=\u00a0\u00bb2436&Prime; img_size=\u00a0\u00bbfull\u00a0\u00bb][\/vc_column][\/vc_row]<\/p>\n<\/div>","protected":false},"excerpt":{"rendered":"<p>[vc_row][vc_column width=\u00a0\u00bb2\/3&Prime;][vc_column_text] Ecole de Danse Cie S&rsquo;Poart Cours de breakdanse\u00a0\u00e0 partir de 6 ans jusqu&rsquo;\u00e0 l&rsquo;\u00e2ge adulte ! 112 rue<\/p>\n","protected":false},"author":15,"featured_media":0,"parent":0,"menu_order":0,"comment_status":"closed","ping_status":"closed","template":"","meta":{"colormag_page_container_layout":"default_layout","colormag_page_sidebar_layout":"default_layout","footnotes":""},"class_list":["post-2151","page","type-page","status-publish","hentry"],"_links":{"self":[{"href":"https:\/\/amaqy.fr\/Pyramides\/wp-json\/wp\/v2\/pages\/2151","targetHints":{"allow":["GET"]}}],"collection":[{"href":"https:\/\/amaqy.fr\/Pyramides\/wp-json\/wp\/v2\/pages"}],"about":[{"href":"https:\/\/amaqy.fr\/Pyramides\/wp-json\/wp\/v2\/types\/page"}],"author":[{"embeddable":true,"href":"https:\/\/amaqy.fr\/Pyramides\/wp-json\/wp\/v2\/users\/15"}],"replies":[{"embeddable":true,"href":"https:\/\/amaqy.fr\/Pyramides\/wp-json\/wp\/v2\/comments?post=2151"}],"version-history":[{"count":5,"href":"https:\/\/amaqy.fr\/Pyramides\/wp-json\/wp\/v2\/pages\/2151\/revisions"}],"predecessor-version":[{"id":2822,"href":"https:\/\/amaqy.fr\/Pyramides\/wp-json\/wp\/v2\/pages\/2151\/revisions\/2822"}],"wp:attachment":[{"href":"https:\/\/amaqy.fr\/Pyramides\/wp-json\/wp\/v2\/media?parent=2151"}],"curies":[{"name":"wp","href":"https:\/\/api.w.org\/{rel}","templated":true}]}}