{"id":1491,"date":"2020-02-18T14:10:07","date_gmt":"2020-02-18T13:10:07","guid":{"rendered":"http:\/\/amaqy.fr\/Pyramides\/?page_id=1491"},"modified":"2025-08-21T10:02:29","modified_gmt":"2025-08-21T09:02:29","slug":"atelier-au-fil","status":"publish","type":"page","link":"https:\/\/amaqy.fr\/Pyramides\/accueil\/famille\/vie-de-quartier\/atelier-au-fil\/","title":{"rendered":"Aux petites mains cr\u00e9atives"},"content":{"rendered":"<div class=\"wpb-content-wrapper\"><p>[vc_row][vc_column width=\u00a0\u00bb1\/4&Prime;][vc_single_image image=\u00a0\u00bb1524&Prime; img_size=\u00a0\u00bbmedium\u00a0\u00bb style=\u00a0\u00bbvc_box_shadow_3d\u00a0\u00bb][\/vc_column][vc_column width=\u00a0\u00bb3\/4&Prime;][vc_column_text]Activit\u00e9 manuelle permettant de r\u00e9aliser diff\u00e9rents types de cr\u00e9ation: carterie, pliage, carte anniversaire, pop-up, origami, album photos, scrapbooking&#8230; Chaque participant vient avec son petit mat\u00e9riel (feuilles, papier, ciseau, etc), le mat\u00e9riel commun est fourni. Les participants choisissent leur cr\u00e9ation d\u2019une semaine sur l\u2019autre.<\/p>\n<p>.[\/vc_column_text][\/vc_column][\/vc_row][vc_row][vc_column width=\u00a0\u00bb1\/2&Prime;][vc_column_text css=\u00a0\u00bb\u00a0\u00bb]<\/p>\n<h3><em>Modalit\u00e9s d&rsquo;inscription<\/em>:<\/h3>\n<p>Adh\u00e9sion Amaqy. 1er cours d&rsquo;essai gratuit.<\/p>\n<h4><em>Tarifs en fonction du Quotient CAF ou avis d&rsquo;imp\u00f4t<\/em><\/h4>\n<p>Pour les Yonnais<br \/>\nCAF &lt;700:&nbsp; 11\u20ac\/ an<br \/>\nCAF &gt; 700 : 15\u20ac \/ an<\/p>\n<p>Pour les Non Yonnais<br \/>\nCAF &lt;700:&nbsp; 13\u20ac\/ an<br \/>\nCAF &gt; 700 : 17\u20ac \/ an<\/p>\n<p>Places limit\u00e9es[\/vc_column_text][\/vc_column][vc_column width=\u00a0\u00bb1\/2&Prime;][vc_column_text]<\/p>\n<h3><em>Jour et horaire:<\/em><\/h3>\n<p><span style=\"color: #ff9900\">Jeudi de 9h \u00e0 12h<\/span>[\/vc_column_text][\/vc_column][\/vc_row]<\/p>\n<\/div>","protected":false},"excerpt":{"rendered":"<p>[vc_row][vc_column width=\u00a0\u00bb1\/4&Prime;][vc_single_image image=\u00a0\u00bb1524&Prime; img_size=\u00a0\u00bbmedium\u00a0\u00bb style=\u00a0\u00bbvc_box_shadow_3d\u00a0\u00bb][\/vc_column][vc_column width=\u00a0\u00bb3\/4&Prime;][vc_column_text]Activit\u00e9 manuelle permettant de r\u00e9aliser diff\u00e9rents types de cr\u00e9ation: carterie, pliage, carte anniversaire, pop-up, origami,<\/p>\n","protected":false},"author":15,"featured_media":0,"parent":491,"menu_order":7,"comment_status":"closed","ping_status":"closed","template":"","meta":{"colormag_page_container_layout":"default_layout","colormag_page_sidebar_layout":"default_layout","footnotes":""},"class_list":["post-1491","page","type-page","status-publish","hentry"],"_links":{"self":[{"href":"https:\/\/amaqy.fr\/Pyramides\/wp-json\/wp\/v2\/pages\/1491","targetHints":{"allow":["GET"]}}],"collection":[{"href":"https:\/\/amaqy.fr\/Pyramides\/wp-json\/wp\/v2\/pages"}],"about":[{"href":"https:\/\/amaqy.fr\/Pyramides\/wp-json\/wp\/v2\/types\/page"}],"author":[{"embeddable":true,"href":"https:\/\/amaqy.fr\/Pyramides\/wp-json\/wp\/v2\/users\/15"}],"replies":[{"embeddable":true,"href":"https:\/\/amaqy.fr\/Pyramides\/wp-json\/wp\/v2\/comments?post=1491"}],"version-history":[{"count":5,"href":"https:\/\/amaqy.fr\/Pyramides\/wp-json\/wp\/v2\/pages\/1491\/revisions"}],"predecessor-version":[{"id":3382,"href":"https:\/\/amaqy.fr\/Pyramides\/wp-json\/wp\/v2\/pages\/1491\/revisions\/3382"}],"up":[{"embeddable":true,"href":"https:\/\/amaqy.fr\/Pyramides\/wp-json\/wp\/v2\/pages\/491"}],"wp:attachment":[{"href":"https:\/\/amaqy.fr\/Pyramides\/wp-json\/wp\/v2\/media?parent=1491"}],"curies":[{"name":"wp","href":"https:\/\/api.w.org\/{rel}","templated":true}]}}