{"id":1486,"date":"2020-02-18T14:07:29","date_gmt":"2020-02-18T13:07:29","guid":{"rendered":"http:\/\/amaqy.fr\/Pyramides\/?page_id=1486"},"modified":"2024-11-20T10:26:08","modified_gmt":"2024-11-20T09:26:08","slug":"ouvert-le-dimanche","status":"publish","type":"page","link":"https:\/\/amaqy.fr\/Pyramides\/accueil\/famille\/vie-de-quartier\/ouvert-le-dimanche\/","title":{"rendered":"Ouvert le dimanche"},"content":{"rendered":"<div class=\"wpb-content-wrapper\"><p>[vc_row 0=\u00a0\u00bb\u00a0\u00bb][vc_column width=\u00a0\u00bb1\/4&Prime;][vc_single_image image=\u00a0\u00bb1513&Prime; img_size=\u00a0\u00bbmedium\u00a0\u00bb style=\u00a0\u00bbvc_box_shadow_3d\u00a0\u00bb][\/vc_column][vc_column width=\u00a0\u00bb3\/4&Prime;][vc_column_text 0=\u00a0\u00bb\u00a0\u00bb]La Maison de Quartier ouvre ses portes un dimanche apr\u00e8s midi par mois. On y vient librement. Seul droit d&rsquo;entr\u00e9e: communiquer son pr\u00e9nom et afficher sa bonne humeur. On choisit ce que l&rsquo;on veut faire ensemble ou par petits groupes.Et on y revient pour le plaisir de se retrouver, de rencontrer de nouvelles personnes, de d\u00e9couvrir des sites, des jeux et partager ensemble un bel apr\u00e8s midi.[\/vc_column_text][\/vc_column][\/vc_row][vc_row 0=\u00a0\u00bb\u00a0\u00bb][vc_column width=\u00a0\u00bb1\/2&Prime;][vc_column_text]<\/p>\n<h3><em>Prochaines dates:<\/em><\/h3>\n<p>8 septembre<br \/>\n13 octobre<br \/>\n10 novembre<br \/>\n8 d\u00e9cembre<\/p>\n<p>De 14h \u00e0 18h &#8211; Ouvert \u00e0 tous &#8211; Gratuit[\/vc_column_text][\/vc_column][vc_column width=\u00a0\u00bb1\/2&Prime;][vc_single_image image=\u00a0\u00bb3172&Prime; img_size=\u00a0\u00bblarge\u00a0\u00bb alignment=\u00a0\u00bbcenter\u00a0\u00bb][vc_single_image image=\u00a0\u00bb2502&Prime; img_size=\u00a0\u00bbmedium\u00a0\u00bb alignment=\u00a0\u00bbcenter\u00a0\u00bb][\/vc_column][\/vc_row]<\/p>\n<\/div>","protected":false},"excerpt":{"rendered":"<p>[vc_row 0=\u00a0\u00bb\u00a0\u00bb][vc_column width=\u00a0\u00bb1\/4&Prime;][vc_single_image image=\u00a0\u00bb1513&Prime; img_size=\u00a0\u00bbmedium\u00a0\u00bb style=\u00a0\u00bbvc_box_shadow_3d\u00a0\u00bb][\/vc_column][vc_column width=\u00a0\u00bb3\/4&Prime;][vc_column_text 0=\u00a0\u00bb\u00a0\u00bb]La Maison de Quartier ouvre ses portes un dimanche apr\u00e8s midi par mois.<\/p>\n","protected":false},"author":15,"featured_media":0,"parent":491,"menu_order":4,"comment_status":"closed","ping_status":"closed","template":"","meta":{"colormag_page_container_layout":"default_layout","colormag_page_sidebar_layout":"default_layout","footnotes":""},"class_list":["post-1486","page","type-page","status-publish","hentry"],"_links":{"self":[{"href":"https:\/\/amaqy.fr\/Pyramides\/wp-json\/wp\/v2\/pages\/1486","targetHints":{"allow":["GET"]}}],"collection":[{"href":"https:\/\/amaqy.fr\/Pyramides\/wp-json\/wp\/v2\/pages"}],"about":[{"href":"https:\/\/amaqy.fr\/Pyramides\/wp-json\/wp\/v2\/types\/page"}],"author":[{"embeddable":true,"href":"https:\/\/amaqy.fr\/Pyramides\/wp-json\/wp\/v2\/users\/15"}],"replies":[{"embeddable":true,"href":"https:\/\/amaqy.fr\/Pyramides\/wp-json\/wp\/v2\/comments?post=1486"}],"version-history":[{"count":5,"href":"https:\/\/amaqy.fr\/Pyramides\/wp-json\/wp\/v2\/pages\/1486\/revisions"}],"predecessor-version":[{"id":3173,"href":"https:\/\/amaqy.fr\/Pyramides\/wp-json\/wp\/v2\/pages\/1486\/revisions\/3173"}],"up":[{"embeddable":true,"href":"https:\/\/amaqy.fr\/Pyramides\/wp-json\/wp\/v2\/pages\/491"}],"wp:attachment":[{"href":"https:\/\/amaqy.fr\/Pyramides\/wp-json\/wp\/v2\/media?parent=1486"}],"curies":[{"name":"wp","href":"https:\/\/api.w.org\/{rel}","templated":true}]}}