{"id":1481,"date":"2020-02-18T14:02:24","date_gmt":"2020-02-18T13:02:24","guid":{"rendered":"http:\/\/amaqy.fr\/Pyramides\/?page_id=1481"},"modified":"2025-08-21T10:06:19","modified_gmt":"2025-08-21T09:06:19","slug":"gym-douce","status":"publish","type":"page","link":"https:\/\/amaqy.fr\/Pyramides\/accueil\/famille\/vie-de-quartier\/gym-douce\/","title":{"rendered":"Gym Douce"},"content":{"rendered":"<div class=\"wpb-content-wrapper\"><p>[vc_row][vc_column width=\u00a0\u00bb1\/4&Prime;][vc_single_image image=\u00a0\u00bb1506&Prime; img_size=\u00a0\u00bblarge\u00a0\u00bb style=\u00a0\u00bbvc_box_shadow_3d\u00a0\u00bb][\/vc_column][vc_column width=\u00a0\u00bb3\/4&Prime;][vc_column_text css=\u00a0\u00bb\u00a0\u00bb]S.I.E.L Bleu est un groupe associatif ayant pour objet la promotion de la sant\u00e9 par l&rsquo;activit\u00e9 physique. Les s\u00e9ances d&rsquo;activit\u00e9s physiques adapt\u00e9es se d\u00e9roulent dans des structures (EHPAD, MARPA..) ou dans des salles communales et sont ouvertes \u00e0 l&rsquo;ensemble des publics.<\/p>\n<h6><span style=\"color: #ff0000;\">Nouveaut\u00e9 cette ann\u00e9e ! Un deuxi\u00e8me cours ouvre ses portes le m\u00eame jour de 14h45 \u00e0 15h45<\/span><\/h6>\n<p>[\/vc_column_text][\/vc_column][\/vc_row][vc_row][vc_column width=\u00a0\u00bb1\/2&Prime;][vc_column_text css=\u00a0\u00bb\u00a0\u00bb]<\/p>\n<h3><em>Modalit\u00e9s d&rsquo;inscription:<\/em><\/h3>\n<p>Adh\u00e9sion Amaqy et s&rsquo;inscrire aupr\u00e8s de la Maison de Quartier.<\/p>\n<h4><em>Tarifs en fonction du Quotient CAF ou avis d&rsquo;imp\u00f4t<\/em><\/h4>\n<p>Pour les Yonnais<br \/>\nCAF &lt;700:&nbsp; 120\u20ac\/ an<br \/>\nCAF &gt; 700 : 150\u20ac \/ an<\/p>\n<p>Pour les Non Yonnais<br \/>\nCAF &lt;700:&nbsp; 150\u20ac\/ an<br \/>\nCAF &gt; 700 : 180\u20ac \/ an<\/p>\n<p>Paiement en 3 ch\u00e8ques \u00e0 l&rsquo;inscription[\/vc_column_text][\/vc_column][vc_column width=\u00a0\u00bb1\/2&Prime;][vc_column_text css=\u00a0\u00bb\u00a0\u00bb]<\/p>\n<h3><em>Jour et Horaire:<\/em><\/h3>\n<p><span style=\"color: #ff9900;\">Le mardi de 13h45 \u00e0 14h45 et de 14h45 \u00e0 15h45<\/span><\/p>\n<p><span style=\"color: #000000;\">Public: Pour les seniors de 60 ans et +, personnes issues de r\u00e9seaux de sant\u00e9, personnes qui souhaitent participer \u00e0 une activit\u00e9 physique adapt\u00e9e.<\/span>[\/vc_column_text][\/vc_column][\/vc_row]<\/p>\n<\/div>","protected":false},"excerpt":{"rendered":"<p>[vc_row][vc_column width=\u00a0\u00bb1\/4&Prime;][vc_single_image image=\u00a0\u00bb1506&Prime; img_size=\u00a0\u00bblarge\u00a0\u00bb style=\u00a0\u00bbvc_box_shadow_3d\u00a0\u00bb][\/vc_column][vc_column width=\u00a0\u00bb3\/4&Prime;][vc_column_text css=\u00a0\u00bb\u00a0\u00bb]S.I.E.L Bleu est un groupe associatif ayant pour objet la promotion de la sant\u00e9<\/p>\n","protected":false},"author":15,"featured_media":0,"parent":491,"menu_order":2,"comment_status":"closed","ping_status":"closed","template":"","meta":{"colormag_page_container_layout":"default_layout","colormag_page_sidebar_layout":"default_layout","footnotes":""},"class_list":["post-1481","page","type-page","status-publish","hentry"],"_links":{"self":[{"href":"https:\/\/amaqy.fr\/Pyramides\/wp-json\/wp\/v2\/pages\/1481","targetHints":{"allow":["GET"]}}],"collection":[{"href":"https:\/\/amaqy.fr\/Pyramides\/wp-json\/wp\/v2\/pages"}],"about":[{"href":"https:\/\/amaqy.fr\/Pyramides\/wp-json\/wp\/v2\/types\/page"}],"author":[{"embeddable":true,"href":"https:\/\/amaqy.fr\/Pyramides\/wp-json\/wp\/v2\/users\/15"}],"replies":[{"embeddable":true,"href":"https:\/\/amaqy.fr\/Pyramides\/wp-json\/wp\/v2\/comments?post=1481"}],"version-history":[{"count":5,"href":"https:\/\/amaqy.fr\/Pyramides\/wp-json\/wp\/v2\/pages\/1481\/revisions"}],"predecessor-version":[{"id":3383,"href":"https:\/\/amaqy.fr\/Pyramides\/wp-json\/wp\/v2\/pages\/1481\/revisions\/3383"}],"up":[{"embeddable":true,"href":"https:\/\/amaqy.fr\/Pyramides\/wp-json\/wp\/v2\/pages\/491"}],"wp:attachment":[{"href":"https:\/\/amaqy.fr\/Pyramides\/wp-json\/wp\/v2\/media?parent=1481"}],"curies":[{"name":"wp","href":"https:\/\/api.w.org\/{rel}","templated":true}]}}