{"id":1388,"date":"2020-01-08T15:40:46","date_gmt":"2020-01-08T14:40:46","guid":{"rendered":"http:\/\/amaqy.fr\/Pyramides\/?page_id=1388"},"modified":"2025-01-06T10:06:36","modified_gmt":"2025-01-06T09:06:36","slug":"dossier-adhesion-2020-alsh","status":"publish","type":"page","link":"https:\/\/amaqy.fr\/Pyramides\/dossier-adhesion-2020-alsh\/","title":{"rendered":"Dossier Adh\u00e9sion 2025 ALSH"},"content":{"rendered":"<div class=\"wpb-content-wrapper\"><p>[vc_row][vc_column][vc_column_text css_animation=\u00a0\u00bbbounceInLeft\u00a0\u00bb]<\/p>\n<h1 style=\"text-align: center\"><span style=\"color: #ff00ff\">Dossier adh\u00e9sion et Accueil de Loisirs<\/span><\/h1>\n<p>[\/vc_column_text][\/vc_column][\/vc_row][vc_row][vc_column width=\u00a0\u00bb1\/3&Prime;][vc_btn title=\u00a0\u00bbAdh\u00e9sion nouvel adh\u00e9rent\u00a0\u00bb style=\u00a0\u00bb3d\u00a0\u00bb color=\u00a0\u00bbviolet\u00a0\u00bb align=\u00a0\u00bbcenter\u00a0\u00bb link=\u00a0\u00bburl:http%3A%2F%2Famaqy.fr%2FPyramides%2Fwp-content%2Fuploads%2Fsites%2F4%2F2024%2F11%2FCapture-decran-2024-11-28-101500.png|title:Fiche%20adh%C3%A9sion%202025|target:%20_blank|\u00a0\u00bb][\/vc_column][vc_column width=\u00a0\u00bb1\/3&Prime;][vc_btn title=\u00a0\u00bbFiche enfant nouvel adh\u00e9rent\u00a0\u00bb style=\u00a0\u00bb3d\u00a0\u00bb color=\u00a0\u00bbviolet\u00a0\u00bb align=\u00a0\u00bbcenter\u00a0\u00bb link=\u00a0\u00bburl:http%3A%2F%2Famaqy.fr%2FPyramides%2Fwp-content%2Fuploads%2Fsites%2F4%2F2024%2F11%2Ffiche-enfant-2025.pdf|title:Fiche%20enfant%20nouvel%20adh%C3%A9rent|target:%20_blank|\u00a0\u00bb][\/vc_column][vc_column width=\u00a0\u00bb1\/3&Prime;][vc_btn title=\u00a0\u00bbFiche sanitaire de liaison\u00a0\u00bb style=\u00a0\u00bb3d\u00a0\u00bb color=\u00a0\u00bbviolet\u00a0\u00bb align=\u00a0\u00bbcenter\u00a0\u00bb link=\u00a0\u00bburl:http%3A%2F%2Famaqy.fr%2FPyramides%2Fwp-content%2Fuploads%2Fsites%2F4%2F2024%2F11%2FFiche-sanitaire-2025.pdf|title:Fiche%20sanitaire|target:%20_blank|\u00a0\u00bb][\/vc_column][\/vc_row][vc_row][vc_column][vc_column_text]Merci de nous faire parvenir \u00e9galement les \u00e9l\u00e9ments suivants:<\/p>\n<ul>\n<li>Justificatif du QFR (Espace Citoyen Ville ou Cellule Inscription \u00e0 la Mairie )<\/li>\n<li>Document attestant de votre quotient CAF ou MSA<\/li>\n<li>Attestation d\u2019assurance extra-scolaire<\/li>\n<li>Adh\u00e9sion 2025 familiale 18\u20ac<\/li>\n<li>Fiche sanitaire de liaison 2025<\/li>\n<li>Photocopies des vaccins<\/li>\n<\/ul>\n<p><span style=\"color: #ff0000\">Votre dossier est \u00e0 d\u00e9poser sur votre espace personnel Amaqy en ligne apr\u00e8s avoir pris votre adh\u00e9sion en ligne<\/span>[\/vc_column_text][\/vc_column][\/vc_row]<\/p>\n<\/div>","protected":false},"excerpt":{"rendered":"<p>[vc_row][vc_column][vc_column_text css_animation=\u00a0\u00bbbounceInLeft\u00a0\u00bb] Dossier adh\u00e9sion et Accueil de Loisirs [\/vc_column_text][\/vc_column][\/vc_row][vc_row][vc_column width=\u00a0\u00bb1\/3&Prime;][vc_btn title=\u00a0\u00bbAdh\u00e9sion nouvel adh\u00e9rent\u00a0\u00bb style=\u00a0\u00bb3d\u00a0\u00bb color=\u00a0\u00bbviolet\u00a0\u00bb align=\u00a0\u00bbcenter\u00a0\u00bb link=\u00a0\u00bburl:http%3A%2F%2Famaqy.fr%2FPyramides%2Fwp-content%2Fuploads%2Fsites%2F4%2F2024%2F11%2FCapture-decran-2024-11-28-101500.png|title:Fiche%20adh%C3%A9sion%202025|target:%20_blank|\u00a0\u00bb][\/vc_column][vc_column width=\u00a0\u00bb1\/3&Prime;][vc_btn title=\u00a0\u00bbFiche enfant<\/p>\n","protected":false},"author":15,"featured_media":0,"parent":0,"menu_order":0,"comment_status":"closed","ping_status":"closed","template":"","meta":{"colormag_page_container_layout":"default_layout","colormag_page_sidebar_layout":"default_layout","footnotes":""},"class_list":["post-1388","page","type-page","status-publish","hentry"],"_links":{"self":[{"href":"https:\/\/amaqy.fr\/Pyramides\/wp-json\/wp\/v2\/pages\/1388","targetHints":{"allow":["GET"]}}],"collection":[{"href":"https:\/\/amaqy.fr\/Pyramides\/wp-json\/wp\/v2\/pages"}],"about":[{"href":"https:\/\/amaqy.fr\/Pyramides\/wp-json\/wp\/v2\/types\/page"}],"author":[{"embeddable":true,"href":"https:\/\/amaqy.fr\/Pyramides\/wp-json\/wp\/v2\/users\/15"}],"replies":[{"embeddable":true,"href":"https:\/\/amaqy.fr\/Pyramides\/wp-json\/wp\/v2\/comments?post=1388"}],"version-history":[{"count":5,"href":"https:\/\/amaqy.fr\/Pyramides\/wp-json\/wp\/v2\/pages\/1388\/revisions"}],"predecessor-version":[{"id":3224,"href":"https:\/\/amaqy.fr\/Pyramides\/wp-json\/wp\/v2\/pages\/1388\/revisions\/3224"}],"wp:attachment":[{"href":"https:\/\/amaqy.fr\/Pyramides\/wp-json\/wp\/v2\/media?parent=1388"}],"curies":[{"name":"wp","href":"https:\/\/api.w.org\/{rel}","templated":true}]}}