{"id":826,"date":"2016-11-18T13:30:23","date_gmt":"2016-11-18T12:30:23","guid":{"rendered":"http:\/\/amaqy.fr\/Morineau\/?page_id=826"},"modified":"2025-09-04T14:46:40","modified_gmt":"2025-09-04T13:46:40","slug":"temps-forts","status":"publish","type":"page","link":"https:\/\/amaqy.fr\/Morineau\/temps-forts\/","title":{"rendered":"Temps Forts"},"content":{"rendered":"<div class=\"wpb-content-wrapper\"><p>[vc_row 0=\u00a0\u00bb\u00a0\u00bb][vc_column width=\u00a0\u00bb1\/2&Prime;][vc_single_image image=\u00a0\u00bb2815&Prime; img_size=\u00a0\u00bb1000X1000&Prime; style=\u00a0\u00bbvc_box_outline\u00a0\u00bb css_animation=\u00a0\u00bbbounceIn\u00a0\u00bb][\/vc_column][vc_column width=\u00a0\u00bb1\/2&Prime;][vc_column_text 0=\u00a0\u00bb\u00a0\u00bb css=\u00a0\u00bb\u00a0\u00bb]<span style=\"color: #993300\"><strong>REPRISE LE 05 OCTOBRE 2025<\/strong><\/span><\/p>\n<p>Dimanche autrement, c&rsquo;est tous les 1er dimanche de chaque mois , la maison de quartier est ouverte de 14h \u00e0 18h00.<\/p>\n<p>Des jeux de soci\u00e9t\u00e9 : scrabble, belote, tarot&#8230; sont \u00e0 votre disposition.<\/p>\n<p>Si le temps le permet, une balade est organis\u00e9e.<\/p>\n<p>Caf\u00e9, th\u00e9, infusion sont \u00e0 votre disposition.<\/p>\n<p>N&rsquo;h\u00e9sitez pas \u00e0 venir passer un moment convivial et tr\u00e8s appr\u00e9ci\u00e9 !<\/p>\n<p><span style=\"color: #000000\">Vous avez des id\u00e9es, venez les partager avec l&rsquo;\u00e9quipe de b\u00e9n\u00e9voles !<\/span>[\/vc_column_text][\/vc_column][\/vc_row]<\/p>\n<\/div>","protected":false},"excerpt":{"rendered":"<p>[vc_row 0=\u00a0\u00bb\u00a0\u00bb][vc_column width=\u00a0\u00bb1\/2&Prime;][vc_single_image image=\u00a0\u00bb2815&Prime; img_size=\u00a0\u00bb1000X1000&Prime; style=\u00a0\u00bbvc_box_outline\u00a0\u00bb css_animation=\u00a0\u00bbbounceIn\u00a0\u00bb][\/vc_column][vc_column width=\u00a0\u00bb1\/2&Prime;][vc_column_text 0=\u00a0\u00bb\u00a0\u00bb css=\u00a0\u00bb\u00a0\u00bb]REPRISE LE 05 OCTOBRE 2025 Dimanche autrement, c&rsquo;est tous les 1er<\/p>\n","protected":false},"author":1,"featured_media":0,"parent":0,"menu_order":0,"comment_status":"closed","ping_status":"closed","template":"","meta":{"colormag_page_container_layout":"default_layout","colormag_page_sidebar_layout":"default_layout","footnotes":""},"class_list":["post-826","page","type-page","status-publish","hentry"],"_links":{"self":[{"href":"https:\/\/amaqy.fr\/Morineau\/wp-json\/wp\/v2\/pages\/826","targetHints":{"allow":["GET"]}}],"collection":[{"href":"https:\/\/amaqy.fr\/Morineau\/wp-json\/wp\/v2\/pages"}],"about":[{"href":"https:\/\/amaqy.fr\/Morineau\/wp-json\/wp\/v2\/types\/page"}],"author":[{"embeddable":true,"href":"https:\/\/amaqy.fr\/Morineau\/wp-json\/wp\/v2\/users\/1"}],"replies":[{"embeddable":true,"href":"https:\/\/amaqy.fr\/Morineau\/wp-json\/wp\/v2\/comments?post=826"}],"version-history":[{"count":6,"href":"https:\/\/amaqy.fr\/Morineau\/wp-json\/wp\/v2\/pages\/826\/revisions"}],"predecessor-version":[{"id":3089,"href":"https:\/\/amaqy.fr\/Morineau\/wp-json\/wp\/v2\/pages\/826\/revisions\/3089"}],"wp:attachment":[{"href":"https:\/\/amaqy.fr\/Morineau\/wp-json\/wp\/v2\/media?parent=826"}],"curies":[{"name":"wp","href":"https:\/\/api.w.org\/{rel}","templated":true}]}}