{"id":818,"date":"2016-11-18T13:28:32","date_gmt":"2016-11-18T12:28:32","guid":{"rendered":"http:\/\/amaqy.fr\/Morineau\/?page_id=818"},"modified":"2024-08-02T16:36:29","modified_gmt":"2024-08-02T15:36:29","slug":"benevoles","status":"publish","type":"page","link":"https:\/\/amaqy.fr\/Morineau\/benevoles\/","title":{"rendered":"B\u00e9n\u00e9voles"},"content":{"rendered":"<div class=\"wpb-content-wrapper\"><p>[vc_row][vc_column][vc_column_text]Le Comit\u00e9 de quartier de la maison de quartier du centre ville est compos\u00e9 de 20 membres :<\/p>\n<p>3 repr\u00e9sentantes : Paulette Aubret, Catherine Renaudin (responsable de la commission La Culturelle) et Mado Guillet (responsable de la commission Vivre Ensemble)<\/p>\n<p>Co-gestionnaires : Marie-Lou Gallet (responsable de la commission Loisirs d\u00e9tente) et Patrice Bourrigault<\/p>\n<p>R\u00e9dacteur-trice : Yasmina Pubert<\/p>\n<p>Les autres membres :<\/p>\n<ul>\n<li>St\u00e9phanie Baudet<\/li>\n<li>Jean-Jacques Berthelemy<\/li>\n<li>Marie-Claire Berthom\u00e9 (co-responsable de la commission enfance\/famille)<\/li>\n<li>Edwige Champin<\/li>\n<li>Christiane Dalan\u00e7on<\/li>\n<li>Yanick Deborde\u00a0(co-responsable de la commission enfance\/famille)<\/li>\n<li>Andr\u00e9 Devineau<\/li>\n<li>Andr\u00e9 Hamon<\/li>\n<li>Monique Lacour<\/li>\n<li>Isabelle Lebreton<\/li>\n<li>Catherine Longueville<\/li>\n<li>Francette Piveteau (responsable de la commission Famille)<\/li>\n<\/ul>\n<p>&nbsp;[\/vc_column_text][\/vc_column][\/vc_row]<\/p>\n<\/div>","protected":false},"excerpt":{"rendered":"<p>[vc_row][vc_column][vc_column_text]Le Comit\u00e9 de quartier de la maison de quartier du centre ville est compos\u00e9 de 20 membres : 3 repr\u00e9sentantes<\/p>\n","protected":false},"author":1,"featured_media":0,"parent":0,"menu_order":0,"comment_status":"closed","ping_status":"closed","template":"","meta":{"colormag_page_container_layout":"default_layout","colormag_page_sidebar_layout":"default_layout","footnotes":""},"class_list":["post-818","page","type-page","status-publish","hentry"],"_links":{"self":[{"href":"https:\/\/amaqy.fr\/Morineau\/wp-json\/wp\/v2\/pages\/818","targetHints":{"allow":["GET"]}}],"collection":[{"href":"https:\/\/amaqy.fr\/Morineau\/wp-json\/wp\/v2\/pages"}],"about":[{"href":"https:\/\/amaqy.fr\/Morineau\/wp-json\/wp\/v2\/types\/page"}],"author":[{"embeddable":true,"href":"https:\/\/amaqy.fr\/Morineau\/wp-json\/wp\/v2\/users\/1"}],"replies":[{"embeddable":true,"href":"https:\/\/amaqy.fr\/Morineau\/wp-json\/wp\/v2\/comments?post=818"}],"version-history":[{"count":5,"href":"https:\/\/amaqy.fr\/Morineau\/wp-json\/wp\/v2\/pages\/818\/revisions"}],"predecessor-version":[{"id":2829,"href":"https:\/\/amaqy.fr\/Morineau\/wp-json\/wp\/v2\/pages\/818\/revisions\/2829"}],"wp:attachment":[{"href":"https:\/\/amaqy.fr\/Morineau\/wp-json\/wp\/v2\/media?parent=818"}],"curies":[{"name":"wp","href":"https:\/\/api.w.org\/{rel}","templated":true}]}}