{"id":3164,"date":"2025-09-16T16:20:44","date_gmt":"2025-09-16T15:20:44","guid":{"rendered":"https:\/\/amaqy.fr\/Morineau\/?page_id=3164"},"modified":"2025-09-16T16:20:44","modified_gmt":"2025-09-16T15:20:44","slug":"atelier-informatique","status":"publish","type":"page","link":"https:\/\/amaqy.fr\/Morineau\/atelier-informatique\/","title":{"rendered":"ATELIER INFORMATIQUE"},"content":{"rendered":"<div class=\"wpb-content-wrapper\"><p>[vc_row][vc_column css=\u00a0\u00bb.vc_custom_1756996291633{background-color: #FFFFFF !important;border-color: #FFFFFF !important;}\u00a0\u00bb][vc_column_text css=\u00a0\u00bb\u00a0\u00bb]<\/p>\n<header class=\"cm-entry-header\">\n<h1 class=\"cm-entry-title\"><strong style=\"color: #993300;font-size: 16px\">ASSISTANCE NUMERIQUE (Aides aux d\u00e9marches administratives)<\/strong><\/h1>\n<\/header>\n<div class=\"cm-entry-summary\">\n<div class=\"wpb-content-wrapper\">\n<div class=\"vc_row wpb_row vc_row-fluid\">\n<div class=\"wpb_column vc_column_container vc_col-sm-4\">\n<div class=\"vc_column-inner\">\n<div class=\"wpb_wrapper\">\n<div class=\"wpb_text_column wpb_content_element\">\n<div class=\"wpb_wrapper\">\n<p><b>Descriptifs :\u00a0<\/b>Pour r\u00e9duire la fracture num\u00e9rique, initiation aux outils et d\u00e9marches pour permettre une meilleure int\u00e9gration \u00e0 notre soci\u00e9t\u00e9 de plus en plus num\u00e9ris\u00e9e ( internet, courriels, d\u00e9marches en lignes\u2026)<\/p>\n<p><strong>Genres :\u00a0<\/strong>Num\u00e9rique<\/p>\n<p><strong>P\u00e9riode :\u00a0<\/strong>Tous les mercredis sur RDV, toute l\u2019ann\u00e9e.<\/p>\n<p><span style=\"color: #993300\"><strong>Reprise en octobre 2025<\/strong><\/span><\/p>\n<p><strong>B\u00e9n\u00e9vole r\u00e9f\u00e9rent :\u00a0<\/strong>Jacques Berthom\u00e9<\/p>\n<p><strong>Jours et Heures :\u00a0<\/strong>Les mercredis (sur rendez-vous) de 9h30 \u00e0 11h30<\/p>\n<p><strong>Publics :\u00a0<\/strong>Tout public<\/p>\n<p><strong>Tarifs :\u00a0<\/strong>Adh\u00e9sion AMAQY CENTRE VILLE PONT MORINEAU<\/p>\n<p><strong>Activit\u00e9 sur place :\u00a0<\/strong>Oui<\/p>\n<\/div>\n<\/div>\n<\/div>\n<\/div>\n<\/div>\n<\/div>\n<\/div>\n<\/div>\n<p>[\/vc_column_text][\/vc_column][\/vc_row][vc_row][vc_column][\/vc_column][\/vc_row]<\/p>\n<\/div>","protected":false},"excerpt":{"rendered":"<p>[vc_row][vc_column css=\u00a0\u00bb.vc_custom_1756996291633{background-color: #FFFFFF !important;border-color: #FFFFFF !important;}\u00a0\u00bb][vc_column_text css=\u00a0\u00bb\u00a0\u00bb] ASSISTANCE NUMERIQUE (Aides aux d\u00e9marches administratives) Descriptifs :\u00a0Pour r\u00e9duire la fracture num\u00e9rique, initiation<\/p>\n","protected":false},"author":12,"featured_media":0,"parent":0,"menu_order":0,"comment_status":"closed","ping_status":"closed","template":"","meta":{"colormag_page_container_layout":"default_layout","colormag_page_sidebar_layout":"default_layout","footnotes":""},"class_list":["post-3164","page","type-page","status-publish","hentry"],"_links":{"self":[{"href":"https:\/\/amaqy.fr\/Morineau\/wp-json\/wp\/v2\/pages\/3164","targetHints":{"allow":["GET"]}}],"collection":[{"href":"https:\/\/amaqy.fr\/Morineau\/wp-json\/wp\/v2\/pages"}],"about":[{"href":"https:\/\/amaqy.fr\/Morineau\/wp-json\/wp\/v2\/types\/page"}],"author":[{"embeddable":true,"href":"https:\/\/amaqy.fr\/Morineau\/wp-json\/wp\/v2\/users\/12"}],"replies":[{"embeddable":true,"href":"https:\/\/amaqy.fr\/Morineau\/wp-json\/wp\/v2\/comments?post=3164"}],"version-history":[{"count":1,"href":"https:\/\/amaqy.fr\/Morineau\/wp-json\/wp\/v2\/pages\/3164\/revisions"}],"predecessor-version":[{"id":3165,"href":"https:\/\/amaqy.fr\/Morineau\/wp-json\/wp\/v2\/pages\/3164\/revisions\/3165"}],"wp:attachment":[{"href":"https:\/\/amaqy.fr\/Morineau\/wp-json\/wp\/v2\/media?parent=3164"}],"curies":[{"name":"wp","href":"https:\/\/api.w.org\/{rel}","templated":true}]}}