{"id":3114,"date":"2025-09-15T15:37:08","date_gmt":"2025-09-15T14:37:08","guid":{"rendered":"https:\/\/amaqy.fr\/Morineau\/?page_id=3114"},"modified":"2025-09-15T16:10:54","modified_gmt":"2025-09-15T15:10:54","slug":"art-floral-2","status":"publish","type":"page","link":"https:\/\/amaqy.fr\/Morineau\/art-floral-2\/","title":{"rendered":"ART FLORAL"},"content":{"rendered":"<div class=\"wpb-content-wrapper\"><p>[vc_row][vc_column css=\u00a0\u00bb.vc_custom_1757948262405{background-color: #FFFFFF !important;border-color: #FFFFFF !important;}\u00a0\u00bb][vc_column_text css=\u00a0\u00bb\u00a0\u00bb]<b>Descriptifs :&nbsp;<\/b>Venez vous faire plaisir en apprenant et en cr\u00e9ant des compositions florales avec un professionnel. C\u2019est aussi un temps de partage et d\u2019\u00e9change. Participation aux \u00e9v\u00e8nements de la maison de quartier comme Jardin\u2019Art.<\/p>\n<p><strong>Genres :&nbsp;<\/strong>Cr\u00e9ations artistiques<\/p>\n<p><strong>P\u00e9riode :&nbsp;<\/strong>Septembre \u00e0 Juin<\/p>\n<p><strong>Reprise :&nbsp;<span style=\"color: #993300;\">Mardi 16 septembre 2025<\/span><\/strong><\/p>\n<p><strong>Intervenant professionnel :&nbsp;<\/strong>Nicolas Guin\u00e9<\/p>\n<p><strong>B\u00e9n\u00e9vole r\u00e9f\u00e9rente<\/strong>&nbsp;: Francette Piveteau<\/p>\n<p><strong>Jours et Heures :&nbsp;<\/strong>Mardi scolaire 1 fois par mois de 19h \u00e0 21h<\/p>\n<p><strong>Publics :&nbsp;<\/strong>Tout public<\/p>\n<p><strong>Tarifs 2025-2026 :&nbsp;<\/strong><\/p>\n<p><em><strong>Yonnais<\/strong><\/em><br \/>\nQF &gt; 700 : 105\u20ac<br \/>\nQF &lt; 700 : 69\u20ac<\/p>\n<p><em><strong>Non yonnais<\/strong><\/em><br \/>\nQF &gt; 700 : 126\u20ac<br \/>\nQF &lt; 700 : 87\u20ac<\/p>\n<p><strong>Activit\u00e9 sur place :&nbsp;<\/strong>Oui[\/vc_column_text][\/vc_column][\/vc_row]<\/p>\n<\/div>","protected":false},"excerpt":{"rendered":"<p>[vc_row][vc_column css=\u00a0\u00bb.vc_custom_1757948262405{background-color: #FFFFFF !important;border-color: #FFFFFF !important;}\u00a0\u00bb][vc_column_text css=\u00a0\u00bb\u00a0\u00bb]Descriptifs :&nbsp;Venez vous faire plaisir en apprenant et en cr\u00e9ant des compositions florales avec<\/p>\n","protected":false},"author":12,"featured_media":0,"parent":0,"menu_order":0,"comment_status":"closed","ping_status":"closed","template":"","meta":{"colormag_page_container_layout":"default_layout","colormag_page_sidebar_layout":"default_layout","footnotes":""},"class_list":["post-3114","page","type-page","status-publish","hentry"],"_links":{"self":[{"href":"https:\/\/amaqy.fr\/Morineau\/wp-json\/wp\/v2\/pages\/3114","targetHints":{"allow":["GET"]}}],"collection":[{"href":"https:\/\/amaqy.fr\/Morineau\/wp-json\/wp\/v2\/pages"}],"about":[{"href":"https:\/\/amaqy.fr\/Morineau\/wp-json\/wp\/v2\/types\/page"}],"author":[{"embeddable":true,"href":"https:\/\/amaqy.fr\/Morineau\/wp-json\/wp\/v2\/users\/12"}],"replies":[{"embeddable":true,"href":"https:\/\/amaqy.fr\/Morineau\/wp-json\/wp\/v2\/comments?post=3114"}],"version-history":[{"count":5,"href":"https:\/\/amaqy.fr\/Morineau\/wp-json\/wp\/v2\/pages\/3114\/revisions"}],"predecessor-version":[{"id":3134,"href":"https:\/\/amaqy.fr\/Morineau\/wp-json\/wp\/v2\/pages\/3114\/revisions\/3134"}],"wp:attachment":[{"href":"https:\/\/amaqy.fr\/Morineau\/wp-json\/wp\/v2\/media?parent=3114"}],"curies":[{"name":"wp","href":"https:\/\/api.w.org\/{rel}","templated":true}]}}