{"id":1737,"date":"2021-10-28T08:32:24","date_gmt":"2021-10-28T07:32:24","guid":{"rendered":"http:\/\/amaqy.fr\/Liberte\/?page_id=1737"},"modified":"2025-10-16T16:18:17","modified_gmt":"2025-10-16T15:18:17","slug":"associations-adherentes","status":"publish","type":"page","link":"https:\/\/amaqy.fr\/Liberte\/associations-adherentes\/","title":{"rendered":"Associations adh\u00e9rentes"},"content":{"rendered":"<div class=\"wpb-content-wrapper\"><p>[vc_row][vc_column width=\u00a0\u00bb1\/3&Prime;][vc_single_image image=\u00a0\u00bb1826&Prime; add_caption=\u00a0\u00bbyes\u00a0\u00bb onclick=\u00a0\u00bbcustom_link\u00a0\u00bb link=\u00a0\u00bbhttps:\/\/assistantematernellebambinolarochesuryon.fr\/\u00a0\u00bb][\/vc_column][vc_column width=\u00a0\u00bb1\/3&Prime;][vc_column_text]&nbsp;<\/p>\n<p style=\"text-align: center\">Rencontre des assistantes maternelles<\/p>\n<p style=\"text-align: center\">et des enfants 0 et 6 ans<\/p>\n<p>[\/vc_column_text][\/vc_column][vc_column width=\u00a0\u00bb1\/3&Prime;][vc_column_text css=\u00a0\u00bb\u00a0\u00bb]&nbsp;<\/p>\n<p style=\"text-align: center;\"><strong>Les jeudis<\/strong> <strong>de 9h30 \u00e0 11h30<br \/>\n<\/strong>(hors vacances scolaires)<strong><br \/>\n<\/strong>T\u00e9l :<strong>&nbsp;06.81.27.21.70<br \/>\n<\/strong>Mail <strong>:<\/strong>&nbsp;<span style=\"color: #0000ff;\">associationbambino@gmail.com<\/span><strong><br \/>\n<\/strong>Site :&nbsp;<a href=\"https:\/\/assistantematernellebambinolarochesuryon.fr\/\">https:\/\/assistantematernellebambinolarochesuryon.fr\/<\/a><\/p>\n<p>[\/vc_column_text][\/vc_column][\/vc_row][vc_row][vc_column width=\u00a0\u00bb1\/3&Prime;][vc_single_image image=\u00a0\u00bb1848&Prime; img_size=\u00a0\u00bbmedium\u00a0\u00bb add_caption=\u00a0\u00bbyes\u00a0\u00bb onclick=\u00a0\u00bbcustom_link\u00a0\u00bb link=\u00a0\u00bbhttp:\/\/laligue85.org\/asso\/alroche\/\u00a0\u00bb][\/vc_column][vc_column width=\u00a0\u00bb1\/3&Prime;][vc_column_text]<\/p>\n<p style=\"text-align: center\">Pastel\/Peinture pour adulte<\/p>\n<p>[\/vc_column_text][vc_column_text]&nbsp;<\/p>\n<p>&nbsp;<\/p>\n<p>&nbsp;<\/p>\n<p style=\"text-align: center\">Gym d&rsquo;entretien<\/p>\n<p>[\/vc_column_text][\/vc_column][vc_column width=\u00a0\u00bb1\/3&Prime;][vc_column_text css=\u00a0\u00bb\u00a0\u00bb]<\/p>\n<p style=\"text-align: center;\"><strong>Les jeudis<\/strong> <strong>de 14h00 \u00e0 16h30<br \/>\n<\/strong>(hors vacances scolaires)<br \/>\nT\u00e9l : <strong>06.08.07.03.57<br \/>\n<\/strong>Mail :&nbsp;<span style=\"color: #0000ff;\">amicalelaiquelaroche@free.fr<\/span><br \/>\nSite :&nbsp;<a href=\"http:\/\/www.laligue85.org\/asso\/alroche\/\">http:\/\/www.laligue85.org\/asso\/alroche\/<\/a><\/p>\n<p>[\/vc_column_text][vc_column_text css=\u00a0\u00bb\u00a0\u00bb]<\/p>\n<p style=\"text-align: center;\"><strong>Les mardis<\/strong>&nbsp;<strong>de 9h30 \u00e0 10h30<br \/>\n<\/strong>(hors vacances scolaires)<br \/>\nT\u00e9l :<strong> 06.08.07.03.57<br \/>\n<\/strong>Mail<strong> :<\/strong>&nbsp;<span style=\"color: #0000ff;\">amicalelaiquelaroche@free.fr<\/span><strong><br \/>\n<\/strong>Site :&nbsp;<a href=\"http:\/\/www.laligue85.org\/asso\/alroche\/\">http:\/\/www.laligue85.org\/asso\/alroche\/<\/a><\/p>\n<p>[\/vc_column_text][\/vc_column][\/vc_row][vc_row][vc_column width=\u00a0\u00bb1\/3&Prime;][vc_single_image image=\u00a0\u00bb1852&Prime; img_size=\u00a0\u00bbmedium\u00a0\u00bb add_caption=\u00a0\u00bbyes\u00a0\u00bb onclick=\u00a0\u00bbcustom_link\u00a0\u00bb link=\u00a0\u00bbhttp:\/\/asry.fr\/\u00a0\u00bb][\/vc_column][vc_column width=\u00a0\u00bb1\/3&Prime;][vc_column_text]&nbsp;<\/p>\n<p style=\"text-align: center\">Cours de gym pour les retrait\u00e9s<\/p>\n<p style=\"text-align: center\">Cours de Pilates pour les retrait\u00e9s<\/p>\n<p>[\/vc_column_text][\/vc_column][vc_column width=\u00a0\u00bb1\/3&Prime;][vc_column_text css=\u00a0\u00bb\u00a0\u00bb]&nbsp;<\/p>\n<p style=\"text-align: center;\"><strong>Les vendredis<\/strong>&nbsp;<strong>de 9h15 \u00e0 12h30<br \/>\n<\/strong>(hors vacances scolaires)<br \/>\nMail :&nbsp;<span style=\"color: #0000ff;\">asrycontact@gmail.com<\/span><br \/>\nSite : <a href=\"https:\/\/www.asry.fr\/\">https:\/\/www.asry.fr\/<\/a><\/p>\n<p>[\/vc_column_text][\/vc_column][\/vc_row][vc_row][vc_column width=\u00a0\u00bb1\/3&Prime;][vc_single_image image=\u00a0\u00bb1849&Prime; img_size=\u00a0\u00bbmedium\u00a0\u00bb add_caption=\u00a0\u00bbyes\u00a0\u00bb onclick=\u00a0\u00bbcustom_link\u00a0\u00bb link=\u00a0\u00bbhttps:\/\/www.lacimade.org\/en-region\/\u00a0\u00bb][\/vc_column][vc_column width=\u00a0\u00bb1\/3&Prime;][vc_column_text]<\/p>\n<p style=\"text-align: center\">Cours de Fran\u00e7ais aux migrants, r\u00e9fugi\u00e9s et demandeurs d&rsquo;asile<\/p>\n<p>[\/vc_column_text][\/vc_column][vc_column width=\u00a0\u00bb1\/3&Prime;][vc_column_text css=\u00a0\u00bb\u00a0\u00bb]<\/p>\n<p style=\"text-align: center;\"><strong>Les mardis et les&nbsp; vendredis de 9h30 \u00e0 11h30<\/strong><br \/>\n(hors vacances scolaires)<br \/>\nMail Conseil Juridique : <span style=\"color: #0000ff;\">vendee@lacimade.org<\/span><br \/>\nMail Inscription : <span style=\"color: #0000ff;\">inscriptionfrancaiscimade85@mailo.com<\/span><\/p>\n<p>&nbsp;[\/vc_column_text][\/vc_column][\/vc_row][vc_row][vc_column width=\u00a0\u00bb1\/3&Prime;][vc_single_image image=\u00a0\u00bb2249&Prime; img_size=\u00a0\u00bbmedium\u00a0\u00bb add_caption=\u00a0\u00bbyes\u00a0\u00bb][\/vc_column][vc_column width=\u00a0\u00bb1\/3&Prime;][vc_column_text]<\/p>\n<p style=\"text-align: center\">Cours d&rsquo;espagnol : apprentissage de la langue, cours d&rsquo;initiation ou de perfectionnement<\/p>\n<p>[\/vc_column_text][\/vc_column][vc_column width=\u00a0\u00bb1\/3&Prime;][vc_column_text css=\u00a0\u00bb\u00a0\u00bb]<\/p>\n<p style=\"text-align: center;\"><strong>Les Lundis de 18h30 \u00e0 20h00<br \/>\n<\/strong>(hors vacances scolaires)<br \/>\nT\u00e9l : <strong>07.88.84.14.72<br \/>\n<\/strong>Mail : <span style=\"color: #0000ff;\"><span style=\"color: #0000ff;\">hispano.laroche@gmail.com<\/span><br \/>\n<span style=\"color: #000000;\">&nbsp;Site :&nbsp;<a href=\"https:\/\/hispano85.wordpress.com\">https:\/\/hispano85.wordpress.com<\/a><\/span><\/span><\/p>\n<p>&nbsp;[\/vc_column_text][\/vc_column][\/vc_row][vc_row][vc_column width=\u00a0\u00bb1\/3&Prime;][vc_single_image image=\u00a0\u00bb1855&Prime; add_caption=\u00a0\u00bbyes\u00a0\u00bb onclick=\u00a0\u00bbcustom_link\u00a0\u00bb link=\u00a0\u00bbhttps:\/\/kravmaga85.fr\u00a0\u00bb][\/vc_column][vc_column width=\u00a0\u00bb1\/3&Prime;][vc_column_text]<\/p>\n<p style=\"text-align: center\">Self-d\u00e9fense<br \/>\n<strong>pour les plus de 15 ans<\/strong><br \/>\nM\u00e9thode de self-d\u00e9fense qui enseigne des techniques simples, instinctives et r\u00e9alistes en r\u00e9ponses \u00e0 tous types d&rsquo;agressions[\/vc_column_text][\/vc_column][vc_column width=\u00a0\u00bb1\/3&Prime;][vc_column_text css=\u00a0\u00bb\u00a0\u00bb]<\/p>\n<p style=\"text-align: center;\"><strong>Les Mardis <\/strong><strong>de 19h15 \u00e0 21h<br \/>\n<\/strong>(hors vacances scolaires)<br \/>\nMail :&nbsp;<span style=\"color: #0000ff;\">associationkravmagavendeenne@gmail.com<\/span><strong><br \/>\n<\/strong>Site :&nbsp;<a href=\"http:\/\/www.kravmaga85.fr\/\">http:\/\/www.kravmaga85.fr\/<\/a><\/p>\n<p>[\/vc_column_text][\/vc_column][\/vc_row][vc_row][vc_column width=\u00a0\u00bb1\/3&Prime;][vc_single_image image=\u00a0\u00bb1857&Prime; add_caption=\u00a0\u00bbyes\u00a0\u00bb onclick=\u00a0\u00bbcustom_link\u00a0\u00bb link=\u00a0\u00bbhttps:\/\/energieetharmonie85.fr\u00a0\u00bb][\/vc_column][vc_column width=\u00a0\u00bb1\/3&Prime;][vc_column_text]<\/p>\n<p style=\"text-align: center\">QI-GONG<br \/>\nAm\u00e9liorer la sant\u00e9 et accro\u00eetre la long\u00e9vit\u00e9 en conduisant l&rsquo;\u00e9nergie par le mouvement[\/vc_column_text][\/vc_column][vc_column width=\u00a0\u00bb1\/3&Prime;][vc_column_text css=\u00a0\u00bb\u00a0\u00bb]<\/p>\n<p style=\"text-align: center;\"><strong>Les&nbsp; Lundis <\/strong><strong>de 14h \u00e0 15h15<br \/>\n<\/strong>&nbsp;(hors vacances scolaires)<br \/>\nT\u00e9l : <strong>02.51.40.98.33<br \/>\n<\/strong>Mail : <span style=\"color: #0000ff;\">energieetharmonie85@gmail.com<\/span><strong><br \/>\n<\/strong>Site : <a href=\"https:\/\/www.energieetharmonie85.fr\/\">https:\/\/www.energieetharmonie85.fr\/<\/a><\/p>\n<p>[\/vc_column_text][\/vc_column][\/vc_row][vc_row][vc_column width=\u00a0\u00bb1\/3&Prime;][vc_single_image image=\u00a0\u00bb2251&Prime;][\/vc_column][vc_column width=\u00a0\u00bb1\/3&Prime;][vc_column_text]<\/p>\n<p style=\"text-align: center\">Tai-chi-chuan<br \/>\nArts \u00e9nerg\u00e9tiques faits de mouvements lents et pratiqu\u00e9s dans la d\u00e9tente, rythm\u00e9s par la respiration et la circulation de l&rsquo;\u00e9nergie. Ils apportent un \u00e9quilibre du corps et de l&rsquo;esprit.[\/vc_column_text][\/vc_column][vc_column width=\u00a0\u00bb1\/3&Prime;][vc_column_text css=\u00a0\u00bb\u00a0\u00bb]<\/p>\n<p style=\"text-align: center;\"><strong>Les Jeudis <\/strong><strong>de 10h \u00e0 11h30<br \/>\n<\/strong>(hors vacances scolaires)<br \/>\nT\u00e9l :&nbsp;<strong>06.38.78.91.14<br \/>\n<\/strong>Site :&nbsp;<span style=\"color: #ff00ff;\"><a style=\"color: #ff00ff;\" href=\"http:\/\/www.veh-taichi-laroche.fr\">http:\/\/www.veh-taichi-laroche.fr<\/a><\/span><\/p>\n<p>[\/vc_column_text][\/vc_column][\/vc_row][vc_row][vc_column width=\u00a0\u00bb1\/3&Prime;][vc_single_image image=\u00a0\u00bb2252&Prime;][\/vc_column][vc_column width=\u00a0\u00bb1\/3&Prime;][vc_column_text css=\u00a0\u00bb\u00a0\u00bb]<\/p>\n<p style=\"text-align: center;\">Cours de fran\u00e7ais pour des personnes exil\u00e9es<br \/>\nqui ma\u00eetrisent peu la langue fran\u00e7aise<br \/>\n(femmes avec enfants)<\/p>\n<p>[\/vc_column_text][\/vc_column][vc_column width=\u00a0\u00bb1\/3&Prime;][vc_column_text css=\u00a0\u00bb\u00a0\u00bb]<\/p>\n<p style=\"text-align: center;\"><strong>Les Lundis <\/strong><strong>de 09h30 \u00e0 12h<br \/>\n<\/strong>(Hors vacances scolaires)<strong><br \/>\n<\/strong>Mail : <span style=\"color: #0000ff;\">associationdefi85@gmail.com<\/span><\/p>\n<p>[\/vc_column_text][\/vc_column][\/vc_row][vc_row][vc_column width=\u00a0\u00bb1\/3&Prime;][vc_single_image image=\u00a0\u00bb2253&Prime;][\/vc_column][vc_column width=\u00a0\u00bb1\/3&Prime;][vc_column_text]<\/p>\n<p style=\"text-align: center\">Defense des int\u00e9r\u00eats des locataires : loyers, charges, de la Vend\u00e9e qu&rsquo;il s&rsquo;agisse de l&rsquo;habitat public ou priv\u00e9.<\/p>\n<p>[\/vc_column_text][\/vc_column][vc_column width=\u00a0\u00bb1\/3&Prime;][vc_column_text css=\u00a0\u00bb\u00a0\u00bb]<\/p>\n<p style=\"text-align: center;\">Permanences les<strong> Jeudis<br \/>\n<\/strong>Lieu : <strong>\u00e0 la f\u00e9d\u00e9ration et r\u00e9s. Jean-Yole<\/strong> : 1er et 3\u00e8me mercredi <strong>17h30-19h30<br \/>\n<\/strong>T\u00e9l :<strong> 02.51.48.76.60<br \/>\n<\/strong>Mail :&nbsp;<span style=\"color: #0000ff;\">cnl85@orange.fr<\/span><\/p>\n<p>[\/vc_column_text][\/vc_column][\/vc_row][vc_row][vc_column width=\u00a0\u00bb1\/3&Prime;][vc_single_image image=\u00a0\u00bb2257&Prime;][\/vc_column][vc_column width=\u00a0\u00bb1\/3&Prime;][vc_column_text]<\/p>\n<p style=\"text-align: center\">Art de rue \/ com\u00e9die<\/p>\n<p>[\/vc_column_text][\/vc_column][vc_column width=\u00a0\u00bb1\/3&Prime;][vc_column_text css=\u00a0\u00bb\u00a0\u00bb]<\/p>\n<p style=\"text-align: center;\">Mail : <span style=\"color: #0000ff;\">compagnie.clou@gmail.com<\/span><strong><br \/>\n<\/strong>Site :&nbsp;<a href=\"https:\/\/compagnieclou.com\/\">https:\/\/compagnieclou.com\/<\/a><\/p>\n<p>[\/vc_column_text][\/vc_column][\/vc_row][vc_row][vc_column width=\u00a0\u00bb1\/3&Prime;][vc_single_image image=\u00a0\u00bb2720&Prime;][\/vc_column][vc_column width=\u00a0\u00bb1\/3&Prime;][vc_column_text]<\/p>\n<p style=\"text-align: center\">Atelier : tricoteuses (d\u00e9coupage, assemblage, confectionne des r\u00e9alisations pour les b\u00e9b\u00e9s hospitalis\u00e9s)<\/p>\n<p>[\/vc_column_text][\/vc_column][vc_column width=\u00a0\u00bb1\/3&Prime;][vc_column_text css=\u00a0\u00bb\u00a0\u00bb]<\/p>\n<p style=\"text-align: center;\"><strong>1 samedi par mois (selon la demande)<br \/>\n<\/strong>(hors vacances scolaires)<strong><br \/>\n<\/strong>T\u00e9l : <strong>06.88.71.83.76<br \/>\n<\/strong>Mail :&nbsp;<span style=\"color: #0000ff;\">lesminikoalas@gmail.com<\/span><\/p>\n<p>[\/vc_column_text][\/vc_column][\/vc_row][vc_row][vc_column width=\u00a0\u00bb1\/3&Prime;][vc_single_image image=\u00a0\u00bb3090&Prime; css=\u00a0\u00bb\u00a0\u00bb][\/vc_column][vc_column width=\u00a0\u00bb1\/3&Prime;][vc_column_text css=\u00a0\u00bb\u00a0\u00bb]Anim\u00e9 par un \u00e9ducateur sportif de l&rsquo;UFOLEP Vend\u00e9e.<br \/>\nCes s\u00e9ances multisport ont pour but de sensibiliser \u00e0 la pratique d&rsquo;une activit\u00e9 physique dans un objectif de sant\u00e9 \u00e0 travers diff\u00e9rentes situations adapt\u00e9s.[\/vc_column_text][\/vc_column][vc_column width=\u00a0\u00bb1\/3&Prime;][vc_column_text css=\u00a0\u00bb\u00a0\u00bb]<\/p>\n<p style=\"text-align: center;\"><strong>Lundis de 15h30 \u00e0 16h30 : 1er trimestre du 15 septembre au 15 d\u00e9cembre<br \/>\n(hors vacances scolaires)<br \/>\n<\/strong>T\u00e9l : <strong>07.71.06.57.24<br \/>\n<\/strong>Mail :&nbsp;<span style=\"color: #0000ff;\">ufolep85@gmail.com<br \/>\n<span style=\"color: #000000;\">Site :<\/span>&nbsp;<a href=\"https:\/\/www.cd.ufolep.org\/vendee\">https:\/\/www.cd.ufolep.org\/vendee<\/a><\/span><\/p>\n<p>[\/vc_column_text][\/vc_column][\/vc_row]<\/p>\n<\/div>","protected":false},"excerpt":{"rendered":"<p>[vc_row][vc_column width=\u00a0\u00bb1\/3&Prime;][vc_single_image image=\u00a0\u00bb1826&Prime; add_caption=\u00a0\u00bbyes\u00a0\u00bb onclick=\u00a0\u00bbcustom_link\u00a0\u00bb link=\u00a0\u00bbhttps:\/\/assistantematernellebambinolarochesuryon.fr\/\u00a0\u00bb][\/vc_column][vc_column width=\u00a0\u00bb1\/3&Prime;][vc_column_text]&nbsp; Rencontre des assistantes maternelles et des enfants 0 et 6 ans [\/vc_column_text][\/vc_column][vc_column width=\u00a0\u00bb1\/3&Prime;][vc_column_text<\/p>\n","protected":false},"author":1,"featured_media":0,"parent":0,"menu_order":0,"comment_status":"closed","ping_status":"closed","template":"","meta":{"colormag_page_container_layout":"default_layout","colormag_page_sidebar_layout":"default_layout","footnotes":""},"class_list":["post-1737","page","type-page","status-publish","hentry"],"_links":{"self":[{"href":"https:\/\/amaqy.fr\/Liberte\/wp-json\/wp\/v2\/pages\/1737","targetHints":{"allow":["GET"]}}],"collection":[{"href":"https:\/\/amaqy.fr\/Liberte\/wp-json\/wp\/v2\/pages"}],"about":[{"href":"https:\/\/amaqy.fr\/Liberte\/wp-json\/wp\/v2\/types\/page"}],"author":[{"embeddable":true,"href":"https:\/\/amaqy.fr\/Liberte\/wp-json\/wp\/v2\/users\/1"}],"replies":[{"embeddable":true,"href":"https:\/\/amaqy.fr\/Liberte\/wp-json\/wp\/v2\/comments?post=1737"}],"version-history":[{"count":5,"href":"https:\/\/amaqy.fr\/Liberte\/wp-json\/wp\/v2\/pages\/1737\/revisions"}],"predecessor-version":[{"id":3091,"href":"https:\/\/amaqy.fr\/Liberte\/wp-json\/wp\/v2\/pages\/1737\/revisions\/3091"}],"wp:attachment":[{"href":"https:\/\/amaqy.fr\/Liberte\/wp-json\/wp\/v2\/media?parent=1737"}],"curies":[{"name":"wp","href":"https:\/\/api.w.org\/{rel}","templated":true}]}}