{"id":1326,"date":"2020-04-09T18:20:02","date_gmt":"2020-04-09T17:20:02","guid":{"rendered":"http:\/\/amaqy.fr\/Forges\/?page_id=1326"},"modified":"2020-04-09T18:31:17","modified_gmt":"2020-04-09T17:31:17","slug":"atelier-couture","status":"publish","type":"page","link":"https:\/\/amaqy.fr\/Forges\/ateliers-famille\/environnement\/atelier-couture\/","title":{"rendered":"Atelier Couture"},"content":{"rendered":"<div class=\"wpb-content-wrapper\"><p>[vc_row][vc_column][vc_single_image image=\u00a0\u00bb1321&Prime; alignment=\u00a0\u00bbcenter\u00a0\u00bb style=\u00a0\u00bbvc_box_border\u00a0\u00bb border_color=\u00a0\u00bbblack\u00a0\u00bb title=\u00a0\u00bbMasques r\u00e9alis\u00e9s par la Couturi\u00e8re Sophie \u00ab\u00a0][vc_images_carousel images=\u00a0\u00bb1322,1320\u00a0\u00bb title=\u00a0\u00bbLingettes jetables fabriqu\u00e9es  lors de l&rsquo;atelier \u00e9co-geste  \u00ab\u00a0][\/vc_column][\/vc_row]<\/p>\n<\/div>","protected":false},"excerpt":{"rendered":"<p>[vc_row][vc_column][vc_single_image image=\u00a0\u00bb1321&Prime; alignment=\u00a0\u00bbcenter\u00a0\u00bb style=\u00a0\u00bbvc_box_border\u00a0\u00bb border_color=\u00a0\u00bbblack\u00a0\u00bb title=\u00a0\u00bbMasques r\u00e9alis\u00e9s par la Couturi\u00e8re Sophie \u00ab\u00a0][vc_images_carousel images=\u00a0\u00bb1322,1320\u00a0\u00bb title=\u00a0\u00bbLingettes jetables fabriqu\u00e9es lors de l&rsquo;atelier \u00e9co-geste<\/p>\n","protected":false},"author":19,"featured_media":0,"parent":1318,"menu_order":0,"comment_status":"closed","ping_status":"closed","template":"","meta":{"colormag_page_container_layout":"default_layout","colormag_page_sidebar_layout":"default_layout","footnotes":""},"class_list":["post-1326","page","type-page","status-publish","hentry"],"_links":{"self":[{"href":"https:\/\/amaqy.fr\/Forges\/wp-json\/wp\/v2\/pages\/1326","targetHints":{"allow":["GET"]}}],"collection":[{"href":"https:\/\/amaqy.fr\/Forges\/wp-json\/wp\/v2\/pages"}],"about":[{"href":"https:\/\/amaqy.fr\/Forges\/wp-json\/wp\/v2\/types\/page"}],"author":[{"embeddable":true,"href":"https:\/\/amaqy.fr\/Forges\/wp-json\/wp\/v2\/users\/19"}],"replies":[{"embeddable":true,"href":"https:\/\/amaqy.fr\/Forges\/wp-json\/wp\/v2\/comments?post=1326"}],"version-history":[{"count":2,"href":"https:\/\/amaqy.fr\/Forges\/wp-json\/wp\/v2\/pages\/1326\/revisions"}],"predecessor-version":[{"id":1328,"href":"https:\/\/amaqy.fr\/Forges\/wp-json\/wp\/v2\/pages\/1326\/revisions\/1328"}],"up":[{"embeddable":true,"href":"https:\/\/amaqy.fr\/Forges\/wp-json\/wp\/v2\/pages\/1318"}],"wp:attachment":[{"href":"https:\/\/amaqy.fr\/Forges\/wp-json\/wp\/v2\/media?parent=1326"}],"curies":[{"name":"wp","href":"https:\/\/api.w.org\/{rel}","templated":true}]}}