{"id":3196,"date":"2024-08-12T14:59:50","date_gmt":"2024-08-12T13:59:50","guid":{"rendered":"http:\/\/amaqy.fr\/Bourg\/?page_id=3196"},"modified":"2024-08-12T15:48:42","modified_gmt":"2024-08-12T14:48:42","slug":"ateliers-couture","status":"publish","type":"page","link":"https:\/\/amaqy.fr\/Bourg\/activites-permanentes-bourg\/ateliers-couture","title":{"rendered":"<strong>Ateliers couture<\/strong>"},"content":{"rendered":"<div class=\"wpb-content-wrapper\"><p>[vc_row full_width=\u00a0\u00bbstretch_row_content\u00a0\u00bb css_animation=\u00a0\u00bbleft-to-right\u00a0\u00bb][vc_column][vc_column_text css=\u00a0\u00bb.vc_custom_1723470823101{margin-right: 50px !important;margin-left: 50px !important;}\u00a0\u00bb]<\/p>\n<p style=\"text-align: center;\">Sophie DUCARME vous propose des ateliers couture tout au long de l&rsquo;ann\u00e9e, \u00e0 partir de la rentr\u00e9e.<\/p>\n<p>[\/vc_column_text][\/vc_column][\/vc_row][vc_row full_width=\u00a0\u00bbstretch_row_content\u00a0\u00bb gap=\u00a0\u00bb35&Prime; content_placement=\u00a0\u00bbmiddle\u00a0\u00bb css_animation=\u00a0\u00bbleft-to-right\u00a0\u00bb][vc_column width=\u00a0\u00bb1\/3&Prime; css=\u00a0\u00bb.vc_custom_1723455917594{padding-right: 50px !important;padding-left: 50px !important;}\u00a0\u00bb][vc_column_text css=\u00a0\u00bb.vc_custom_1723470948885{margin-right: px !important;margin-left: px !important;padding-top: 50px !important;padding-right: 50px !important;padding-bottom: 50px !important;padding-left: 50px !important;background-color: #dd9933 !important;}\u00a0\u00bb]<\/p>\n<h5 style=\"color: white;\"><strong>Jours &#038; horaires:<\/strong><\/h5>\n<ul>\n<li style=\"text-align: left; color: white;\">Samedi, 10h-12h<\/li>\n<li style=\"text-align: left; color: white;\">Vendredi, 18h-20h (tous les 15 jours)<\/li>\n<li style=\"text-align: left; color: white;\">Mercredi, 9h30-11h30 (tous les 15 jours)<\/li>\n<\/ul>\n<p>[\/vc_column_text][vc_text_separator][\/vc_column][vc_column width=\u00a0\u00bb2\/3&Prime; css=\u00a0\u00bb.vc_custom_1723455974105{margin-right: px !important;}\u00a0\u00bb][vc_images_carousel images=\u00a0\u00bb2364,2369,2365,2366,2375,2374,2370,2368&Prime; img_size=\u00a0\u00bb800&#215;450&Prime; autoplay=\u00a0\u00bbyes\u00a0\u00bb wrap=\u00a0\u00bbyes\u00a0\u00bb][\/vc_column][\/vc_row][vc_row full_width=\u00a0\u00bbstretch_row_content\u00a0\u00bb css_animation=\u00a0\u00bbleft-to-right\u00a0\u00bb][vc_column][vc_text_separator][vc_column_text css=\u00a0\u00bb.vc_custom_1723471101998{padding-top: 50px !important;padding-right: 50px !important;padding-bottom: 50px !important;padding-left: 50px !important;background-color: #eaeaea !important;}\u00a0\u00bb]<\/p>\n<h5><strong>Informations compl\u00e9mentaires<\/strong><\/h5>\n<ul>\n<li>Intervenante: Sophie DUCARME<\/li>\n<li>Lieu: Salle associative de la maison de quartier<\/li>\n<li>Cours destin\u00e9 aux adultes<\/li>\n<li>Tarifs:\n<ul style=\"list-style-type: circle;\">\n<li>200\u20ac \/ personne \u00e0 l&rsquo;ann\u00e9e\n<ul style=\"list-style-type: circle;\">\n<li>160\u20ac pour les QF entre 700 et 900<\/li>\n<li>121\u20ac pour les QF &lt; de 700<\/li>\n<\/ul>\n<\/li>\n<li>+20\u20ac pour les non-yonnais<\/li>\n<\/ul>\n<\/li>\n<\/ul>\n<p>Renseignements et inscriptions aupr\u00e8s de la maison de quartier du Bourg.[\/vc_column_text][vc_btn title=\u00a0\u00bbRetour aux activit\u00e9s permanentes\u00a0\u00bb style=\u00a0\u00bb3d\u00a0\u00bb color=\u00a0\u00bbwarning\u00a0\u00bb align=\u00a0\u00bbright\u00a0\u00bb i_icon_fontawesome=\u00a0\u00bbfa fa-arrow-left\u00a0\u00bb css_animation=\u00a0\u00bbbottom-to-top\u00a0\u00bb add_icon=\u00a0\u00bbtrue\u00a0\u00bb link=\u00a0\u00bburl:http%3A%2F%2Famaqy.fr%2FBourg%2Factivites-permanentes-bourg|title:Activit%C3%A9s%20permanentes||\u00a0\u00bb css=\u00a0\u00bb.vc_custom_1723474120455{padding-right: 50px !important;}\u00a0\u00bb][\/vc_column][\/vc_row]<\/p>\n<\/div>","protected":false},"excerpt":{"rendered":"<p>[vc_row full_width=\u00a0\u00bbstretch_row_content\u00a0\u00bb css_animation=\u00a0\u00bbleft-to-right\u00a0\u00bb][vc_column][vc_column_text css=\u00a0\u00bb.vc_custom_1723470823101{margin-right: 50px !important;margin-left: 50px !important;}\u00a0\u00bb] Sophie DUCARME vous propose des ateliers couture tout au long de l&rsquo;ann\u00e9e,<\/p>\n","protected":false},"author":48,"featured_media":0,"parent":1053,"menu_order":0,"comment_status":"closed","ping_status":"closed","template":"","meta":{"colormag_page_container_layout":"default_layout","colormag_page_sidebar_layout":"default_layout","footnotes":""},"class_list":["post-3196","page","type-page","status-publish","hentry"],"_links":{"self":[{"href":"https:\/\/amaqy.fr\/Bourg\/wp-json\/wp\/v2\/pages\/3196","targetHints":{"allow":["GET"]}}],"collection":[{"href":"https:\/\/amaqy.fr\/Bourg\/wp-json\/wp\/v2\/pages"}],"about":[{"href":"https:\/\/amaqy.fr\/Bourg\/wp-json\/wp\/v2\/types\/page"}],"author":[{"embeddable":true,"href":"https:\/\/amaqy.fr\/Bourg\/wp-json\/wp\/v2\/users\/48"}],"replies":[{"embeddable":true,"href":"https:\/\/amaqy.fr\/Bourg\/wp-json\/wp\/v2\/comments?post=3196"}],"version-history":[{"count":5,"href":"https:\/\/amaqy.fr\/Bourg\/wp-json\/wp\/v2\/pages\/3196\/revisions"}],"predecessor-version":[{"id":3215,"href":"https:\/\/amaqy.fr\/Bourg\/wp-json\/wp\/v2\/pages\/3196\/revisions\/3215"}],"up":[{"embeddable":true,"href":"https:\/\/amaqy.fr\/Bourg\/wp-json\/wp\/v2\/pages\/1053"}],"wp:attachment":[{"href":"https:\/\/amaqy.fr\/Bourg\/wp-json\/wp\/v2\/media?parent=3196"}],"curies":[{"name":"wp","href":"https:\/\/api.w.org\/{rel}","templated":true}]}}