{"id":3127,"date":"2024-08-12T10:57:35","date_gmt":"2024-08-12T09:57:35","guid":{"rendered":"http:\/\/amaqy.fr\/Bourg\/?page_id=3127"},"modified":"2026-02-11T14:48:58","modified_gmt":"2026-02-11T13:48:58","slug":"ptite-cantoche","status":"publish","type":"page","link":"https:\/\/amaqy.fr\/Bourg\/activites-permanentes-bourg\/ptite-cantoche","title":{"rendered":"<h1><strong>La P\u2019tite Cantoche<\/strong><\/h1>"},"content":{"rendered":"<div class=\"wpb-content-wrapper\"><p>[vc_row full_width=\u00a0\u00bbstretch_row_content\u00a0\u00bb css_animation=\u00a0\u00bbleft-to-right\u00a0\u00bb][vc_column][vc_column_text css=\u00a0\u00bb.vc_custom_1723456787724{margin-right: 100px !important;margin-left: 100px !important;}\u00a0\u00bb]<\/p>\n<p style=\"text-align: center;\">La maison de quartier du Bourg vous propose un moment convivial autour d&rsquo;un repas et de jeux de soci\u00e9t\u00e9 \u00e0 chaque dernier jeudi du mois.<\/p>\n<p>[\/vc_column_text][\/vc_column][\/vc_row][vc_row full_width=\u00a0\u00bbstretch_row_content\u00a0\u00bb gap=\u00a0\u00bb35&Prime; content_placement=\u00a0\u00bbmiddle\u00a0\u00bb css_animation=\u00a0\u00bbleft-to-right\u00a0\u00bb][vc_column width=\u00a0\u00bb1\/3&Prime; css=\u00a0\u00bb.vc_custom_1770817733586{padding-right: 50px !important;padding-left: 50px !important;}\u00a0\u00bb][vc_text_separator title=\u00a0\u00bb\u00a0\u00bb css=\u00a0\u00bb\u00a0\u00bb][vc_column_text css=\u00a0\u00bb\u00a0\u00bb]<\/p>\n<p style=\"text-align: center;\"><strong>Dates \u00e0 retenir :<\/strong><\/p>\n<p style=\"text-align: center;\"><strong>Jeudi 29 janvier<\/strong><\/p>\n<p style=\"text-align: center;\"><strong>Jeudi 26 f\u00e9vrier<\/strong><\/p>\n<p style=\"text-align: center;\"><strong>jeudi 26 mars<\/strong><\/p>\n<p style=\"text-align: center;\"><strong>jeudi 30 avril<\/strong><\/p>\n<p style=\"text-align: center;\"><strong>jeudi 28 mai<\/strong><\/p>\n<p style=\"text-align: center;\"><strong>jeudi 25 juin<\/strong><\/p>\n<p>&nbsp;[\/vc_column_text][\/vc_column][vc_column width=\u00a0\u00bb2\/3&Prime; css=\u00a0\u00bb.vc_custom_1723455974105{margin-right: px !important;}\u00a0\u00bb][vc_column_text css=\u00a0\u00bb.vc_custom_1723455349839{padding-top: 50px !important;padding-right: 50px !important;padding-bottom: 50px !important;padding-left: 50px !important;background-color: #eaeaea !important;}\u00a0\u00bb]<\/p>\n<h5><strong>Informations compl\u00e9mentaires<\/strong><\/h5>\n<ul>\n<li>Participation aux frais du repas demand\u00e9e.<\/li>\n<li>Renseignements et inscriptions aupr\u00e8s de la maison de quartier du Bourg.<\/li>\n<\/ul>\n<p>[\/vc_column_text][\/vc_column][\/vc_row][vc_row full_width=\u00a0\u00bbstretch_row_content\u00a0\u00bb css_animation=\u00a0\u00bbleft-to-right\u00a0\u00bb][vc_column][vc_text_separator][vc_btn title=\u00a0\u00bbRetour aux activit\u00e9s permanentes\u00a0\u00bb style=\u00a0\u00bb3d\u00a0\u00bb color=\u00a0\u00bbsky\u00a0\u00bb align=\u00a0\u00bbright\u00a0\u00bb i_icon_fontawesome=\u00a0\u00bbfa fa-arrow-left\u00a0\u00bb css_animation=\u00a0\u00bbbottom-to-top\u00a0\u00bb css=\u00a0\u00bb.vc_custom_1723458873549{padding-right: 50px !important;}\u00a0\u00bb add_icon=\u00a0\u00bbtrue\u00a0\u00bb link=\u00a0\u00bburl:http%3A%2F%2Famaqy.fr%2FBourg%2Factivites-permanentes-bourg|title:Activit%C3%A9s%20permanentes||\u00a0\u00bb][\/vc_column][\/vc_row][vc_row][vc_column][\/vc_column][\/vc_row]<\/p>\n<\/div>","protected":false},"excerpt":{"rendered":"<p>[vc_row full_width=\u00a0\u00bbstretch_row_content\u00a0\u00bb css_animation=\u00a0\u00bbleft-to-right\u00a0\u00bb][vc_column][vc_column_text css=\u00a0\u00bb.vc_custom_1723456787724{margin-right: 100px !important;margin-left: 100px !important;}\u00a0\u00bb] La maison de quartier du Bourg vous propose un moment convivial autour<\/p>\n","protected":false},"author":48,"featured_media":0,"parent":1053,"menu_order":0,"comment_status":"closed","ping_status":"closed","template":"","meta":{"colormag_page_container_layout":"default_layout","colormag_page_sidebar_layout":"default_layout","footnotes":""},"class_list":["post-3127","page","type-page","status-publish","hentry"],"_links":{"self":[{"href":"https:\/\/amaqy.fr\/Bourg\/wp-json\/wp\/v2\/pages\/3127","targetHints":{"allow":["GET"]}}],"collection":[{"href":"https:\/\/amaqy.fr\/Bourg\/wp-json\/wp\/v2\/pages"}],"about":[{"href":"https:\/\/amaqy.fr\/Bourg\/wp-json\/wp\/v2\/types\/page"}],"author":[{"embeddable":true,"href":"https:\/\/amaqy.fr\/Bourg\/wp-json\/wp\/v2\/users\/48"}],"replies":[{"embeddable":true,"href":"https:\/\/amaqy.fr\/Bourg\/wp-json\/wp\/v2\/comments?post=3127"}],"version-history":[{"count":5,"href":"https:\/\/amaqy.fr\/Bourg\/wp-json\/wp\/v2\/pages\/3127\/revisions"}],"predecessor-version":[{"id":3461,"href":"https:\/\/amaqy.fr\/Bourg\/wp-json\/wp\/v2\/pages\/3127\/revisions\/3461"}],"up":[{"embeddable":true,"href":"https:\/\/amaqy.fr\/Bourg\/wp-json\/wp\/v2\/pages\/1053"}],"wp:attachment":[{"href":"https:\/\/amaqy.fr\/Bourg\/wp-json\/wp\/v2\/media?parent=3127"}],"curies":[{"name":"wp","href":"https:\/\/api.w.org\/{rel}","templated":true}]}}