{"id":2292,"date":"2023-08-24T14:55:16","date_gmt":"2023-08-24T13:55:16","guid":{"rendered":"http:\/\/amaqy.fr\/Morineau\/?page_id=2292"},"modified":"2023-08-24T14:55:16","modified_gmt":"2023-08-24T13:55:16","slug":"compagnie-universalisapo","status":"publish","type":"page","link":"http:\/\/amaqy.fr\/Morineau\/compagnie-universalisapo\/","title":{"rendered":"Compagnie Universalisapo"},"content":{"rendered":"<div class=\"wpb-content-wrapper\"><p>[vc_row 0=\u00a0\u00bb\u00a0\u00bb][vc_column 0=\u00a0\u00bb\u00a0\u00bb][vc_column_text 0=\u00a0\u00bb\u00a0\u00bb]<\/p>\n<p><em><strong>Th\u00e9\u00e2tre enfants<\/strong><\/em><\/p>\n<p>La Compagnie Universalisapo cr\u00e9\u00e9e en 1999 propose de la pratique th\u00e9\u00e2trale amateur \u00e0 travers les diff\u00e9rents ateliers, enfants, ados, adultes et s\u00e9niors.<\/p>\n<p><strong>Ecoles primaires :<\/strong> 8 \/ 10 ans, les mercredis\u00a0 scolaires de 14h \u00e0 15h30 \u00e0 la Maison de Quartier Centre-Ville Pont Morineau<\/p>\n<p><strong>Encadrement :<\/strong> Georges Bilau Yaya<\/p>\n<p><strong>Contact :<\/strong> 06 60 40 39 64<\/p>\n<p><strong>Mail : <\/strong>cie.universalisapo85.vlm@hotmail.fr ou lisapotheatre@yahoo.fr<\/p>\n<p>[\/vc_column_text][\/vc_column][\/vc_row]<\/p>\n\n<\/div>","protected":false},"excerpt":{"rendered":"<p>[vc_row 0=\u00a0\u00bb\u00a0\u00bb][vc_column 0=\u00a0\u00bb\u00a0\u00bb][vc_column_text 0=\u00a0\u00bb\u00a0\u00bb] Th\u00e9\u00e2tre enfants La Compagnie Universalisapo cr\u00e9\u00e9e en 1999 propose de la pratique th\u00e9\u00e2trale amateur \u00e0 travers<\/p>\n","protected":false},"author":12,"featured_media":0,"parent":0,"menu_order":0,"comment_status":"closed","ping_status":"closed","template":"","meta":{"colormag_page_container_layout":"default_layout","colormag_page_sidebar_layout":"default_layout","footnotes":""},"class_list":["post-2292","page","type-page","status-publish","hentry"],"_links":{"self":[{"href":"http:\/\/amaqy.fr\/Morineau\/wp-json\/wp\/v2\/pages\/2292","targetHints":{"allow":["GET"]}}],"collection":[{"href":"http:\/\/amaqy.fr\/Morineau\/wp-json\/wp\/v2\/pages"}],"about":[{"href":"http:\/\/amaqy.fr\/Morineau\/wp-json\/wp\/v2\/types\/page"}],"author":[{"embeddable":true,"href":"http:\/\/amaqy.fr\/Morineau\/wp-json\/wp\/v2\/users\/12"}],"replies":[{"embeddable":true,"href":"http:\/\/amaqy.fr\/Morineau\/wp-json\/wp\/v2\/comments?post=2292"}],"version-history":[{"count":1,"href":"http:\/\/amaqy.fr\/Morineau\/wp-json\/wp\/v2\/pages\/2292\/revisions"}],"predecessor-version":[{"id":2293,"href":"http:\/\/amaqy.fr\/Morineau\/wp-json\/wp\/v2\/pages\/2292\/revisions\/2293"}],"wp:attachment":[{"href":"http:\/\/amaqy.fr\/Morineau\/wp-json\/wp\/v2\/media?parent=2292"}],"curies":[{"name":"wp","href":"https:\/\/api.w.org\/{rel}","templated":true}]}}