{"id":2288,"date":"2023-08-24T14:46:59","date_gmt":"2023-08-24T13:46:59","guid":{"rendered":"http:\/\/amaqy.fr\/Morineau\/?page_id=2288"},"modified":"2023-08-24T14:47:00","modified_gmt":"2023-08-24T13:47:00","slug":"compagnie-les-rocailleuses-2","status":"publish","type":"page","link":"http:\/\/amaqy.fr\/Morineau\/compagnie-les-rocailleuses-2\/","title":{"rendered":"Compagnie Les Rocailleuses"},"content":{"rendered":"<div class=\"wpb-content-wrapper\"><p>[vc_row 0=\u00a0\u00bb\u00a0\u00bb][vc_column 0=\u00a0\u00bb\u00a0\u00bb][vc_column_text 0=\u00a0\u00bb\u00a0\u00bb]<\/p>\n<p><em><strong>Th\u00e9\u00e2tre amateur<\/strong><\/em><\/p>\n<p>Initi\u00e9 par Pierrette Math\u00e9, cet atelier th\u00e9\u00e2tre de la Maison de Quartier s&rsquo;est transform\u00e9 en association en 2021.<\/p>\n<p>Luttant contre toutes les discriminations, nos pi\u00e8ces et nos lectures nous permettent de mettre en lumi\u00e8re les in\u00e9galit\u00e9s dont sont victimes notamment les femmes.<\/p>\n<p>Nous avons jou\u00e9 notre premier spectacle 6 fois depuis 2018, en Vend\u00e9e.<\/p>\n<p>Gr\u00e2ce aux b\u00e9n\u00e9voles gardant les enfants, nous pouvons travailler r\u00e9guli\u00e8rement nos diff\u00e9rents projets th\u00e9\u00e2traux.<\/p>\n<p><em><strong>Notre date phare est le 8 mars, journ\u00e9e internationale des droits des femmes.<\/strong><\/em><\/p>\n<p><strong>Jours et horaires des r\u00e9p\u00e9titions : <\/strong>18h \u00e0 20h les mardis scolaires \u00e0 la Maison de Quartier Centre-Ville Pont Morineau<\/p>\n<p><strong>Chorale interg\u00e9n\u00e9rationnelle :<\/strong> 17h \u00e0 18h15 tous les mercredis \u00e0 la Maison de Quartier Centre-Ville Pont Morineau<\/p>\n<p><strong>Mail : <\/strong>lesrocailleuses@gmail.com<\/p>\n<p>[\/vc_column_text][\/vc_column][\/vc_row]<\/p>\n\n<\/div>","protected":false},"excerpt":{"rendered":"<p>[vc_row 0=\u00a0\u00bb\u00a0\u00bb][vc_column 0=\u00a0\u00bb\u00a0\u00bb][vc_column_text 0=\u00a0\u00bb\u00a0\u00bb] Th\u00e9\u00e2tre amateur Initi\u00e9 par Pierrette Math\u00e9, cet atelier th\u00e9\u00e2tre de la Maison de Quartier s&rsquo;est transform\u00e9<\/p>\n","protected":false},"author":12,"featured_media":0,"parent":0,"menu_order":0,"comment_status":"closed","ping_status":"closed","template":"","meta":{"colormag_page_container_layout":"default_layout","colormag_page_sidebar_layout":"default_layout","footnotes":""},"class_list":["post-2288","page","type-page","status-publish","hentry"],"_links":{"self":[{"href":"http:\/\/amaqy.fr\/Morineau\/wp-json\/wp\/v2\/pages\/2288","targetHints":{"allow":["GET"]}}],"collection":[{"href":"http:\/\/amaqy.fr\/Morineau\/wp-json\/wp\/v2\/pages"}],"about":[{"href":"http:\/\/amaqy.fr\/Morineau\/wp-json\/wp\/v2\/types\/page"}],"author":[{"embeddable":true,"href":"http:\/\/amaqy.fr\/Morineau\/wp-json\/wp\/v2\/users\/12"}],"replies":[{"embeddable":true,"href":"http:\/\/amaqy.fr\/Morineau\/wp-json\/wp\/v2\/comments?post=2288"}],"version-history":[{"count":1,"href":"http:\/\/amaqy.fr\/Morineau\/wp-json\/wp\/v2\/pages\/2288\/revisions"}],"predecessor-version":[{"id":2289,"href":"http:\/\/amaqy.fr\/Morineau\/wp-json\/wp\/v2\/pages\/2288\/revisions\/2289"}],"wp:attachment":[{"href":"http:\/\/amaqy.fr\/Morineau\/wp-json\/wp\/v2\/media?parent=2288"}],"curies":[{"name":"wp","href":"https:\/\/api.w.org\/{rel}","templated":true}]}}

<div class="wpb-content-wrapper"><p>[vc_row 0= » »][vc_column 0= » »][vc_column_text 0= » »]</p>
<p><em><strong>Théâtre amateur</strong></em></p>
<p>Initié par Pierrette Mathé, cet atelier théâtre de la Maison de Quartier s&rsquo;est transformé en association en 2021.</p>
<p>Luttant contre toutes les discriminations, nos pièces et nos lectures nous permettent de mettre en lumière les inégalités dont sont victimes notamment les femmes.</p>
<p>Nous avons joué notre premier spectacle 6 fois depuis 2018, en Vendée.</p>
<p>Grâce aux bénévoles gardant les enfants, nous pouvons travailler régulièrement nos différents projets théâtraux.</p>
<p><em><strong>Notre date phare est le 8 mars, journée internationale des droits des femmes.</strong></em></p>
<p><strong>Jours et horaires des répétitions : </strong>18h à 20h les mardis scolaires à la Maison de Quartier Centre-Ville Pont Morineau</p>
<p><strong>Chorale intergénérationnelle :</strong> 17h à 18h15 tous les mercredis à la Maison de Quartier Centre-Ville Pont Morineau</p>
<p><strong>Mail : </strong>lesrocailleuses@gmail.com</p>
<p>[/vc_column_text][/vc_column][/vc_row]</p>

</div>

<p>[vc_row 0= » »][vc_column 0= » »][vc_column_text 0= » »] Théâtre amateur Initié par Pierrette Mathé, cet atelier théâtre de la Maison de Quartier s&rsquo;est transformé</p>
