{"id":2206,"date":"2023-08-23T10:55:41","date_gmt":"2023-08-23T09:55:41","guid":{"rendered":"http:\/\/amaqy.fr\/Morineau\/?page_id=2206"},"modified":"2025-09-03T14:58:46","modified_gmt":"2025-09-03T13:58:46","slug":"forum-social-club","status":"publish","type":"page","link":"http:\/\/amaqy.fr\/Morineau\/forum-social-club\/","title":{"rendered":"Forum Social Club"},"content":{"rendered":"<div class=\"wpb-content-wrapper\"><p>[vc_row][vc_column][vc_column_text css=\u00a0\u00bb\u00a0\u00bb]<strong>Descriptifs<\/strong> : Rompre l&rsquo;isolement, d\u00e9couvrir de nouvelles activit\u00e9s, partager ses comp\u00e9tences, rencontrer de nouvelles personnes.<\/p>\n<p><strong>P\u00e9riode :&nbsp;<\/strong>Septembre \u00e0 Juin<\/p>\n<p><strong>Reprise :<span style=\"color: #993300;\"> Vacances d&rsquo;octobre 2025<\/span><\/strong><\/p>\n<p><strong>Intervenante : <\/strong>Carole Alaitru<\/p>\n<p><strong>Jours et Heures :&nbsp;<\/strong>Pendant les vacances scolaires \/ horaires selon le planning<\/p>\n<div class=\"entry-content clearfix\">\n<div class=\"vc_row wpb_row vc_row-fluid\">\n<div class=\"wpb_column vc_column_container vc_col-sm-12\">\n<div class=\"vc_column-inner \">\n<div class=\"wpb_wrapper\">\n<div class=\"wpb_text_column wpb_content_element \">\n<div class=\"wpb_wrapper\">\n<p><strong>Publics : <\/strong>Tout public<\/p>\n<p><strong>Tarifs :<\/strong> Gratuit<\/p>\n<p><strong>Activit\u00e9 sur place :&nbsp;<\/strong>Oui<\/p>\n<\/div>\n<\/div>\n<\/div>\n<\/div>\n<\/div>\n<\/div>\n<\/div>\n<p>[\/vc_column_text][\/vc_column][\/vc_row]<\/p>\n<\/div>","protected":false},"excerpt":{"rendered":"<p>[vc_row][vc_column][vc_column_text css=\u00a0\u00bb\u00a0\u00bb]Descriptifs : Rompre l&rsquo;isolement, d\u00e9couvrir de nouvelles activit\u00e9s, partager ses comp\u00e9tences, rencontrer de nouvelles personnes. P\u00e9riode :&nbsp;Septembre \u00e0 Juin<\/p>\n","protected":false},"author":12,"featured_media":0,"parent":0,"menu_order":0,"comment_status":"closed","ping_status":"closed","template":"","meta":{"colormag_page_container_layout":"default_layout","colormag_page_sidebar_layout":"default_layout","footnotes":""},"class_list":["post-2206","page","type-page","status-publish","hentry"],"_links":{"self":[{"href":"http:\/\/amaqy.fr\/Morineau\/wp-json\/wp\/v2\/pages\/2206","targetHints":{"allow":["GET"]}}],"collection":[{"href":"http:\/\/amaqy.fr\/Morineau\/wp-json\/wp\/v2\/pages"}],"about":[{"href":"http:\/\/amaqy.fr\/Morineau\/wp-json\/wp\/v2\/types\/page"}],"author":[{"embeddable":true,"href":"http:\/\/amaqy.fr\/Morineau\/wp-json\/wp\/v2\/users\/12"}],"replies":[{"embeddable":true,"href":"http:\/\/amaqy.fr\/Morineau\/wp-json\/wp\/v2\/comments?post=2206"}],"version-history":[{"count":3,"href":"http:\/\/amaqy.fr\/Morineau\/wp-json\/wp\/v2\/pages\/2206\/revisions"}],"predecessor-version":[{"id":3066,"href":"http:\/\/amaqy.fr\/Morineau\/wp-json\/wp\/v2\/pages\/2206\/revisions\/3066"}],"wp:attachment":[{"href":"http:\/\/amaqy.fr\/Morineau\/wp-json\/wp\/v2\/media?parent=2206"}],"curies":[{"name":"wp","href":"https:\/\/api.w.org\/{rel}","templated":true}]}}